{"id":100495,"date":"2025-12-02T22:58:29","date_gmt":"2025-12-02T21:58:29","guid":{"rendered":"https:\/\/www.hirtenberg-apotheke.at\/katalog\/produkt\/modifast-lunch-riegel-186-g-schoko\/"},"modified":"2025-12-02T22:58:36","modified_gmt":"2025-12-02T21:58:36","slug":"modifast-lunch-riegel-186-g-schoko","status":"publish","type":"product","link":"https:\/\/www.hirtenberg-apotheke.at\/katalog\/produkt\/modifast-lunch-riegel-186-g-schoko\/","title":{"rendered":"Modifast Lunch Riegel 186 g Schoko"},"content":{"rendered":"<p>Modifast Lunch Riegel Schokolade ist die Extraportion Abwechslung zum Lunch &#8211; mit dem modifast-Programm! Leckerer Mahlzeitenersatz f\u00fcr eine gewichtskontrollierende Ern\u00e4hrung. Die enthaltenen B-Vitamine Niacin, Biotin, Pantothens\u00e4ure, Riboflavin, Thiamin, Vitamin B6 und B12 tragen zu einem normalen Energiestoffwechsel bei.<\/p>\n","protected":false},"excerpt":{"rendered":"<p>Modifast Lunch Riegel Schokolade ist die Extraportion Abwechslung zum Lunch &#8211; mit dem modifast-Programm! Leckerer Mahlzeitenersatz f\u00fcr eine gewichtskontrollierende Ern\u00e4hrung. Die enthaltenen B-Vitamine Niacin, Biotin, Pantothens\u00e4ure, Riboflavin, Thiamin, Vitamin B6 und B12 tragen zu einem normalen Energiestoffwechsel bei.<\/p>\n","protected":false},"featured_media":0,"template":"","meta":{"_acf_changed":false},"product_brand":[],"product_cat":[308],"product_tag":[],"class_list":{"0":"post-100495","1":"product","2":"type-product","3":"status-publish","5":"product_cat-m","6":"pa_packungsgroesse-6-stueck","8":"first","9":"instock","10":"shipping-taxable","11":"purchasable","12":"product-type-simple"},"acf":[],"_links":{"self":[{"href":"https:\/\/www.hirtenberg-apotheke.at\/katalog\/wp-json\/wp\/v2\/product\/100495","targetHints":{"allow":["GET"]}}],"collection":[{"href":"https:\/\/www.hirtenberg-apotheke.at\/katalog\/wp-json\/wp\/v2\/product"}],"about":[{"href":"https:\/\/www.hirtenberg-apotheke.at\/katalog\/wp-json\/wp\/v2\/types\/product"}],"wp:attachment":[{"href":"https:\/\/www.hirtenberg-apotheke.at\/katalog\/wp-json\/wp\/v2\/media?parent=100495"}],"wp:term":[{"taxonomy":"product_brand","embeddable":true,"href":"https:\/\/www.hirtenberg-apotheke.at\/katalog\/wp-json\/wp\/v2\/product_brand?post=100495"},{"taxonomy":"product_cat","embeddable":true,"href":"https:\/\/www.hirtenberg-apotheke.at\/katalog\/wp-json\/wp\/v2\/product_cat?post=100495"},{"taxonomy":"product_tag","embeddable":true,"href":"https:\/\/www.hirtenberg-apotheke.at\/katalog\/wp-json\/wp\/v2\/product_tag?post=100495"}],"curies":[{"name":"wp","href":"https:\/\/api.w.org\/{rel}","templated":true}]}}