{"id":100809,"date":"2025-12-03T06:40:27","date_gmt":"2025-12-03T05:40:27","guid":{"rendered":"https:\/\/www.hirtenberg-apotheke.at\/katalog\/produkt\/nicapur-vulnaplex-kapseln-60-stk\/"},"modified":"2025-12-03T06:40:55","modified_gmt":"2025-12-03T05:40:55","slug":"nicapur-vulnaplex-kapseln-60-stk","status":"publish","type":"product","link":"https:\/\/www.hirtenberg-apotheke.at\/katalog\/produkt\/nicapur-vulnaplex-kapseln-60-stk\/","title":{"rendered":"Nicapur VulnaPlex Kapseln 60 Stk."},"content":{"rendered":"<p>VulnaPlex\u00ae\u00a0ist ein Nahrungserg\u00e4nzungsmittel mit den proteolytischen Enzymen Bromelain, Trypsin und Chymotrypsin zur systemischen Aufnahme, in Kombination mit Mikron\u00e4hrstoffen f\u00fcr die\u00a0Regeneration des Hautgewebes. Unsere Haut ist mit knapp 2 m\u00b2 Oberfl\u00e4che das gr\u00f6\u00dfte Organ des Menschen. Sie erf\u00fcllt eine Menge Aufgaben. Nach au\u00dfen hin ist sie Schutzschild vor \u00e4u\u00dferen Einfl\u00fcssen, reguliert nach innen den Temperatur- und Wasserhaushalt und spielt mit ihren Tastk\u00f6rperchen eine gro\u00dfe Rolle als Sinnesorgan. Eine gesunde Funktion und Regeneration des Hautgewebes leistet einen wichtigen Beitrag zum Wohlbefinden. 3-fach Enzymkombination aus Bromelain, Trypsin und Chymotrypsin zur systematischen Aufnahme. Fols\u00e4ure, Vitamin B12 und D sowie Zink unterst\u00fctzen die Zellteilung. Vitamin B2, C und E, Selen und Zink tragen dazu bei, die Zellen vor oxidativem Stress zu sch\u00fctzen. Biotin, Niacin, Vitamin A und B2 sind wichtig f\u00fcr Schleimh\u00e4ute, gemeinsam mit Zink f\u00fcr die Erhaltung normaler Haut. Mit Vitamin C, das die Kollagenbildung der Haut unterst\u00fctzt. Pantothens\u00e4ure tr\u00e4gt zur Verringerung von M\u00fcdigkeit und Ersch\u00f6pfung bei. In spezieller Cellulose-Kapsel, die sich zeitverz\u00f6gert aufl\u00f6st und eine sichere Magenpassage garantiert.<\/p>\n","protected":false},"excerpt":{"rendered":"<p>VulnaPlex\u00ae\u00a0ist ein Nahrungserg\u00e4nzungsmittel mit den proteolytischen Enzymen Bromelain, Trypsin und Chymotrypsin zur systemischen Aufnahme, in Kombination mit Mikron\u00e4hrstoffen f\u00fcr die\u00a0Regeneration des Hautgewebes. Unsere Haut ist mit knapp 2 m\u00b2 Oberfl\u00e4che das gr\u00f6\u00dfte Organ des Menschen. Sie erf\u00fcllt eine Menge Aufgaben. Nach au\u00dfen hin ist sie Schutzschild vor \u00e4u\u00dferen Einfl\u00fcssen, reguliert nach innen den Temperatur- und [&hellip;]<\/p>\n","protected":false},"featured_media":100811,"template":"","meta":{"_acf_changed":false},"product_brand":[309],"product_cat":[310],"product_tag":[],"class_list":{"0":"post-100809","1":"product","2":"type-product","3":"status-publish","4":"has-post-thumbnail","6":"product_brand-nicapur","7":"product_cat-n","8":"pa_packungsgroesse-60-stueck","10":"first","11":"instock","12":"shipping-taxable","13":"purchasable","14":"product-type-simple"},"acf":[],"_links":{"self":[{"href":"https:\/\/www.hirtenberg-apotheke.at\/katalog\/wp-json\/wp\/v2\/product\/100809","targetHints":{"allow":["GET"]}}],"collection":[{"href":"https:\/\/www.hirtenberg-apotheke.at\/katalog\/wp-json\/wp\/v2\/product"}],"about":[{"href":"https:\/\/www.hirtenberg-apotheke.at\/katalog\/wp-json\/wp\/v2\/types\/product"}],"wp:featuredmedia":[{"embeddable":true,"href":"https:\/\/www.hirtenberg-apotheke.at\/katalog\/wp-json\/wp\/v2\/media\/100811"}],"wp:attachment":[{"href":"https:\/\/www.hirtenberg-apotheke.at\/katalog\/wp-json\/wp\/v2\/media?parent=100809"}],"wp:term":[{"taxonomy":"product_brand","embeddable":true,"href":"https:\/\/www.hirtenberg-apotheke.at\/katalog\/wp-json\/wp\/v2\/product_brand?post=100809"},{"taxonomy":"product_cat","embeddable":true,"href":"https:\/\/www.hirtenberg-apotheke.at\/katalog\/wp-json\/wp\/v2\/product_cat?post=100809"},{"taxonomy":"product_tag","embeddable":true,"href":"https:\/\/www.hirtenberg-apotheke.at\/katalog\/wp-json\/wp\/v2\/product_tag?post=100809"}],"curies":[{"name":"wp","href":"https:\/\/api.w.org\/{rel}","templated":true}]}}