{"id":100818,"date":"2025-12-03T06:40:27","date_gmt":"2025-12-03T05:40:27","guid":{"rendered":"https:\/\/www.hirtenberg-apotheke.at\/katalog\/produkt\/nicopel-vitamin-b3-tabletten-60-stk\/"},"modified":"2025-12-03T06:41:15","modified_gmt":"2025-12-03T05:41:15","slug":"nicopel-vitamin-b3-tabletten-60-stk","status":"publish","type":"product","link":"https:\/\/www.hirtenberg-apotheke.at\/katalog\/produkt\/nicopel-vitamin-b3-tabletten-60-stk\/","title":{"rendered":"NicoPel Vitamin B3 Tabletten 60 Stk."},"content":{"rendered":"<p>NicoPel Tabletten versorgen Ihren K\u00f6rper mit wertvollem Vitamin B3, welches unter anderem wichtig ist f\u00fcr die Regeneration von Nerven, Haut und Muskeln. Es bringt den Energiehaushalt in Schwung, wodurch infolgedessen Ersch\u00f6pfungs- und Erm\u00fcdungserscheinungen verringert werden.<\/p>\n","protected":false},"excerpt":{"rendered":"<p>NicoPel Tabletten versorgen Ihren K\u00f6rper mit wertvollem Vitamin B3, welches unter anderem wichtig ist f\u00fcr die Regeneration von Nerven, Haut und Muskeln. Es bringt den Energiehaushalt in Schwung, wodurch infolgedessen Ersch\u00f6pfungs- und Erm\u00fcdungserscheinungen verringert werden.<\/p>\n","protected":false},"featured_media":100820,"template":"","meta":{"_acf_changed":false},"product_brand":[],"product_cat":[310],"product_tag":[],"class_list":{"0":"post-100818","1":"product","2":"type-product","3":"status-publish","4":"has-post-thumbnail","6":"product_cat-n","7":"pa_packungsgroesse-60-stueck","9":"first","10":"instock","11":"shipping-taxable","12":"purchasable","13":"product-type-simple"},"acf":[],"_links":{"self":[{"href":"https:\/\/www.hirtenberg-apotheke.at\/katalog\/wp-json\/wp\/v2\/product\/100818","targetHints":{"allow":["GET"]}}],"collection":[{"href":"https:\/\/www.hirtenberg-apotheke.at\/katalog\/wp-json\/wp\/v2\/product"}],"about":[{"href":"https:\/\/www.hirtenberg-apotheke.at\/katalog\/wp-json\/wp\/v2\/types\/product"}],"wp:featuredmedia":[{"embeddable":true,"href":"https:\/\/www.hirtenberg-apotheke.at\/katalog\/wp-json\/wp\/v2\/media\/100820"}],"wp:attachment":[{"href":"https:\/\/www.hirtenberg-apotheke.at\/katalog\/wp-json\/wp\/v2\/media?parent=100818"}],"wp:term":[{"taxonomy":"product_brand","embeddable":true,"href":"https:\/\/www.hirtenberg-apotheke.at\/katalog\/wp-json\/wp\/v2\/product_brand?post=100818"},{"taxonomy":"product_cat","embeddable":true,"href":"https:\/\/www.hirtenberg-apotheke.at\/katalog\/wp-json\/wp\/v2\/product_cat?post=100818"},{"taxonomy":"product_tag","embeddable":true,"href":"https:\/\/www.hirtenberg-apotheke.at\/katalog\/wp-json\/wp\/v2\/product_tag?post=100818"}],"curies":[{"name":"wp","href":"https:\/\/api.w.org\/{rel}","templated":true}]}}