{"id":101195,"date":"2025-12-03T06:54:02","date_gmt":"2025-12-03T05:54:02","guid":{"rendered":"https:\/\/www.hirtenberg-apotheke.at\/katalog\/produkt\/nuxe-reve-de-miel-visage-ultra-reconforte-50-ml\/"},"modified":"2025-12-03T06:54:08","modified_gmt":"2025-12-03T05:54:08","slug":"nuxe-reve-de-miel-visage-ultra-reconforte-50-ml","status":"publish","type":"product","link":"https:\/\/www.hirtenberg-apotheke.at\/katalog\/produkt\/nuxe-reve-de-miel-visage-ultra-reconforte-50-ml\/","title":{"rendered":"Nuxe Reve de Miel Visage Ultra-Reconforte 50 ml"},"content":{"rendered":"<p>Diese n\u00e4hrstoffreiche, verw\u00f6hnende Pflege mit Honig, Propolis und wertvollen \u00d6len wirkt r\u00fcckfettend, intensiv n\u00e4hrend und sorgt sofort und langfristig f\u00fcr ein angenehmes Hautgef\u00fchl. Die Haut wird vor sch\u00e4dlichen \u00e4u\u00dferen Einfl\u00fcssen (Wind, K\u00e4lte usw.) gesch\u00fctzt. Sie gewinnt ihre Geschmeidigkeit zur\u00fcck und f\u00fchlt sich angenehm an. Raue Stellen, R\u00f6tungen, unangenehme Hautreizungen und Spannungsgef\u00fchle  gehen zur\u00fcck.<\/p>\n","protected":false},"excerpt":{"rendered":"<p>Diese n\u00e4hrstoffreiche, verw\u00f6hnende Pflege mit Honig, Propolis und wertvollen \u00d6len wirkt r\u00fcckfettend, intensiv n\u00e4hrend und sorgt sofort und langfristig f\u00fcr ein angenehmes Hautgef\u00fchl. Die Haut wird vor sch\u00e4dlichen \u00e4u\u00dferen Einfl\u00fcssen (Wind, K\u00e4lte usw.) gesch\u00fctzt. Sie gewinnt ihre Geschmeidigkeit zur\u00fcck und f\u00fchlt sich angenehm an. Raue Stellen, R\u00f6tungen, unangenehme Hautreizungen und Spannungsgef\u00fchle gehen zur\u00fcck.<\/p>\n","protected":false},"featured_media":101197,"template":"","meta":{"_acf_changed":false},"product_brand":[720],"product_cat":[310],"product_tag":[],"class_list":{"0":"post-101195","1":"product","2":"type-product","3":"status-publish","4":"has-post-thumbnail","6":"product_brand-nuxe","7":"product_cat-n","8":"pa_packungsgroesse-50ml","10":"first","11":"instock","12":"shipping-taxable","13":"purchasable","14":"product-type-simple"},"acf":[],"_links":{"self":[{"href":"https:\/\/www.hirtenberg-apotheke.at\/katalog\/wp-json\/wp\/v2\/product\/101195","targetHints":{"allow":["GET"]}}],"collection":[{"href":"https:\/\/www.hirtenberg-apotheke.at\/katalog\/wp-json\/wp\/v2\/product"}],"about":[{"href":"https:\/\/www.hirtenberg-apotheke.at\/katalog\/wp-json\/wp\/v2\/types\/product"}],"wp:featuredmedia":[{"embeddable":true,"href":"https:\/\/www.hirtenberg-apotheke.at\/katalog\/wp-json\/wp\/v2\/media\/101197"}],"wp:attachment":[{"href":"https:\/\/www.hirtenberg-apotheke.at\/katalog\/wp-json\/wp\/v2\/media?parent=101195"}],"wp:term":[{"taxonomy":"product_brand","embeddable":true,"href":"https:\/\/www.hirtenberg-apotheke.at\/katalog\/wp-json\/wp\/v2\/product_brand?post=101195"},{"taxonomy":"product_cat","embeddable":true,"href":"https:\/\/www.hirtenberg-apotheke.at\/katalog\/wp-json\/wp\/v2\/product_cat?post=101195"},{"taxonomy":"product_tag","embeddable":true,"href":"https:\/\/www.hirtenberg-apotheke.at\/katalog\/wp-json\/wp\/v2\/product_tag?post=101195"}],"curies":[{"name":"wp","href":"https:\/\/api.w.org\/{rel}","templated":true}]}}