{"id":101557,"date":"2025-12-03T07:03:49","date_gmt":"2025-12-03T06:03:49","guid":{"rendered":"https:\/\/www.hirtenberg-apotheke.at\/katalog\/produkt\/i-need-lesebrille-1-stk-blau-gruen-15-dioptrien\/"},"modified":"2025-12-03T07:04:14","modified_gmt":"2025-12-03T06:04:14","slug":"i-need-lesebrille-1-stk-blau-gruen-15-dioptrien","status":"publish","type":"product","link":"https:\/\/www.hirtenberg-apotheke.at\/katalog\/produkt\/i-need-lesebrille-1-stk-blau-gruen-15-dioptrien\/","title":{"rendered":"I Need Lesebrille 1 Stk. Blau-Gr\u00fcn  +1,5 Dioptrien"},"content":{"rendered":"<p>Die Mission von I need you ist es Ihnen eine gro\u00dfe Auswahl von Fertiglesebrillen anzubieten, die zu erschwinglichen Preisen erh\u00e4ltlich sind. Dabei liegt I need you die Qualit\u00e4t der Brillen besonders am Herzen. Mit einer riesigen Auswahl bietet das Unternehmen Ihnen Modelle f\u00fcr jede Lebenslage und zu jedem Outfit an. Gro\u00df, klein, bunt, schlicht, ernst, elegant oder verr\u00fcckt\u2013 Die Fertigbrille wird so zu einem tollen Accessoire und besonderem Highlight jedes Outfits.<\/p>\n","protected":false},"excerpt":{"rendered":"<p>Die Mission von I need you ist es Ihnen eine gro\u00dfe Auswahl von Fertiglesebrillen anzubieten, die zu erschwinglichen Preisen erh\u00e4ltlich sind. Dabei liegt I need you die Qualit\u00e4t der Brillen besonders am Herzen. Mit einer riesigen Auswahl bietet das Unternehmen Ihnen Modelle f\u00fcr jede Lebenslage und zu jedem Outfit an. Gro\u00df, klein, bunt, schlicht, ernst, [&hellip;]<\/p>\n","protected":false},"featured_media":0,"template":"","meta":{"_acf_changed":false},"product_brand":[],"product_cat":[370],"product_tag":[],"class_list":{"0":"post-101557","1":"product","2":"type-product","3":"status-publish","5":"product_cat-i","6":"pa_packungsgroesse-1-stueck","8":"first","9":"instock","10":"shipping-taxable","11":"purchasable","12":"product-type-simple"},"acf":[],"_links":{"self":[{"href":"https:\/\/www.hirtenberg-apotheke.at\/katalog\/wp-json\/wp\/v2\/product\/101557","targetHints":{"allow":["GET"]}}],"collection":[{"href":"https:\/\/www.hirtenberg-apotheke.at\/katalog\/wp-json\/wp\/v2\/product"}],"about":[{"href":"https:\/\/www.hirtenberg-apotheke.at\/katalog\/wp-json\/wp\/v2\/types\/product"}],"wp:attachment":[{"href":"https:\/\/www.hirtenberg-apotheke.at\/katalog\/wp-json\/wp\/v2\/media?parent=101557"}],"wp:term":[{"taxonomy":"product_brand","embeddable":true,"href":"https:\/\/www.hirtenberg-apotheke.at\/katalog\/wp-json\/wp\/v2\/product_brand?post=101557"},{"taxonomy":"product_cat","embeddable":true,"href":"https:\/\/www.hirtenberg-apotheke.at\/katalog\/wp-json\/wp\/v2\/product_cat?post=101557"},{"taxonomy":"product_tag","embeddable":true,"href":"https:\/\/www.hirtenberg-apotheke.at\/katalog\/wp-json\/wp\/v2\/product_tag?post=101557"}],"curies":[{"name":"wp","href":"https:\/\/api.w.org\/{rel}","templated":true}]}}