{"id":101961,"date":"2025-12-03T07:13:19","date_gmt":"2025-12-03T06:13:19","guid":{"rendered":"https:\/\/www.hirtenberg-apotheke.at\/katalog\/produkt\/gall-pharma-ornithin-arginin-12-kapseln\/"},"modified":"2025-12-03T07:13:33","modified_gmt":"2025-12-03T06:13:33","slug":"gall-pharma-ornithin-arginin-12-kapseln","status":"publish","type":"product","link":"https:\/\/www.hirtenberg-apotheke.at\/katalog\/produkt\/gall-pharma-ornithin-arginin-12-kapseln\/","title":{"rendered":"Gall Pharma Ornithin\/Arginin 1:2 Kapseln"},"content":{"rendered":"<p>Gall Pharma Ornithin\/Arginin 1:2 Kapseln 60 Stk. enthalten 125 mg L-Ornithin und 250 mg L-Arginin in einer Hartgelatinekapsel. Diese Aminos\u00e4urekombination ist wohl die bekannteste und am meisten verwendete und ihr kommt ein gesundheitlicher Nutzen bei intensiven Muskelanstrengungen, vor allem f\u00fcr Ausdauersportler, zu. Die Einnahme bewirkt einen HGH-Aussto\u00df. Entscheidend dabei ist aber eine ausgewogene Ern\u00e4hrung mit anderen Aminos\u00e4uren &#8211; profitieren Sie von hohen Rabatten und dem gro\u00dfen Sortiment einer Standortapotheke!<\/p>\n","protected":false},"excerpt":{"rendered":"<p>Gall Pharma Ornithin\/Arginin 1:2 Kapseln 60 Stk. enthalten 125 mg L-Ornithin und 250 mg L-Arginin in einer Hartgelatinekapsel. Diese Aminos\u00e4urekombination ist wohl die bekannteste und am meisten verwendete und ihr kommt ein gesundheitlicher Nutzen bei intensiven Muskelanstrengungen, vor allem f\u00fcr Ausdauersportler, zu. Die Einnahme bewirkt einen HGH-Aussto\u00df. Entscheidend dabei ist aber eine ausgewogene Ern\u00e4hrung mit [&hellip;]<\/p>\n","protected":false},"featured_media":101963,"template":"","meta":{"_acf_changed":false},"product_brand":[316],"product_cat":[328],"product_tag":[],"class_list":{"0":"post-101961","1":"product","2":"type-product","3":"status-publish","4":"has-post-thumbnail","6":"product_brand-gall-pharma","7":"product_cat-g","8":"pa_packungsgroesse-60-stueck","10":"first","11":"instock","12":"shipping-taxable","13":"purchasable","14":"product-type-simple"},"acf":[],"_links":{"self":[{"href":"https:\/\/www.hirtenberg-apotheke.at\/katalog\/wp-json\/wp\/v2\/product\/101961","targetHints":{"allow":["GET"]}}],"collection":[{"href":"https:\/\/www.hirtenberg-apotheke.at\/katalog\/wp-json\/wp\/v2\/product"}],"about":[{"href":"https:\/\/www.hirtenberg-apotheke.at\/katalog\/wp-json\/wp\/v2\/types\/product"}],"wp:featuredmedia":[{"embeddable":true,"href":"https:\/\/www.hirtenberg-apotheke.at\/katalog\/wp-json\/wp\/v2\/media\/101963"}],"wp:attachment":[{"href":"https:\/\/www.hirtenberg-apotheke.at\/katalog\/wp-json\/wp\/v2\/media?parent=101961"}],"wp:term":[{"taxonomy":"product_brand","embeddable":true,"href":"https:\/\/www.hirtenberg-apotheke.at\/katalog\/wp-json\/wp\/v2\/product_brand?post=101961"},{"taxonomy":"product_cat","embeddable":true,"href":"https:\/\/www.hirtenberg-apotheke.at\/katalog\/wp-json\/wp\/v2\/product_cat?post=101961"},{"taxonomy":"product_tag","embeddable":true,"href":"https:\/\/www.hirtenberg-apotheke.at\/katalog\/wp-json\/wp\/v2\/product_tag?post=101961"}],"curies":[{"name":"wp","href":"https:\/\/api.w.org\/{rel}","templated":true}]}}