{"id":103354,"date":"2025-12-03T07:50:31","date_gmt":"2025-12-03T06:50:31","guid":{"rendered":"https:\/\/www.hirtenberg-apotheke.at\/katalog\/produkt\/life-light-sanomit-ubiquinon-tropfen-30-ml\/"},"modified":"2025-12-03T07:50:41","modified_gmt":"2025-12-03T06:50:41","slug":"life-light-sanomit-ubiquinon-tropfen-30-ml","status":"publish","type":"product","link":"https:\/\/www.hirtenberg-apotheke.at\/katalog\/produkt\/life-light-sanomit-ubiquinon-tropfen-30-ml\/","title":{"rendered":"Life Light Sanomit Ubiquinon Tropfen 30 ml"},"content":{"rendered":"<p>Life Light Sanomit Ubiquinon Tropfen 30 ml enth\u00e4lt Ubiquinon Q10, auch Coenzym Q10 genannt. Es dient zur Erg\u00e4nzung der t\u00e4glichen Ern\u00e4hrung. Mit Sanomit steht erstmals ein fl\u00fcssiges Q10-Produkt zur Verf\u00fcgung, das schneller und besser aufgenommen werden kann als herk\u00f6mmliche Q10-Zubereitungen oder Q10-Pulverkapseln.<\/p>\n","protected":false},"excerpt":{"rendered":"<p>Life Light Sanomit Ubiquinon Tropfen 30 ml enth\u00e4lt Ubiquinon Q10, auch Coenzym Q10 genannt. Es dient zur Erg\u00e4nzung der t\u00e4glichen Ern\u00e4hrung. Mit Sanomit steht erstmals ein fl\u00fcssiges Q10-Produkt zur Verf\u00fcgung, das schneller und besser aufgenommen werden kann als herk\u00f6mmliche Q10-Zubereitungen oder Q10-Pulverkapseln.<\/p>\n","protected":false},"featured_media":103356,"template":"","meta":{"_acf_changed":false},"product_brand":[],"product_cat":[317],"product_tag":[],"class_list":{"0":"post-103354","1":"product","2":"type-product","3":"status-publish","4":"has-post-thumbnail","6":"product_cat-l","7":"pa_packungsgroesse-30ml","9":"first","10":"instock","11":"shipping-taxable","12":"purchasable","13":"product-type-simple"},"acf":[],"_links":{"self":[{"href":"https:\/\/www.hirtenberg-apotheke.at\/katalog\/wp-json\/wp\/v2\/product\/103354","targetHints":{"allow":["GET"]}}],"collection":[{"href":"https:\/\/www.hirtenberg-apotheke.at\/katalog\/wp-json\/wp\/v2\/product"}],"about":[{"href":"https:\/\/www.hirtenberg-apotheke.at\/katalog\/wp-json\/wp\/v2\/types\/product"}],"wp:featuredmedia":[{"embeddable":true,"href":"https:\/\/www.hirtenberg-apotheke.at\/katalog\/wp-json\/wp\/v2\/media\/103356"}],"wp:attachment":[{"href":"https:\/\/www.hirtenberg-apotheke.at\/katalog\/wp-json\/wp\/v2\/media?parent=103354"}],"wp:term":[{"taxonomy":"product_brand","embeddable":true,"href":"https:\/\/www.hirtenberg-apotheke.at\/katalog\/wp-json\/wp\/v2\/product_brand?post=103354"},{"taxonomy":"product_cat","embeddable":true,"href":"https:\/\/www.hirtenberg-apotheke.at\/katalog\/wp-json\/wp\/v2\/product_cat?post=103354"},{"taxonomy":"product_tag","embeddable":true,"href":"https:\/\/www.hirtenberg-apotheke.at\/katalog\/wp-json\/wp\/v2\/product_tag?post=103354"}],"curies":[{"name":"wp","href":"https:\/\/api.w.org\/{rel}","templated":true}]}}