{"id":104414,"date":"2025-12-03T08:17:19","date_gmt":"2025-12-03T07:17:19","guid":{"rendered":"https:\/\/www.hirtenberg-apotheke.at\/katalog\/produkt\/pflueger-dr-schuessler-nr-26-selenium-100-g\/"},"modified":"2025-12-03T08:17:34","modified_gmt":"2025-12-03T07:17:34","slug":"pflueger-dr-schuessler-nr-26-selenium-100-g","status":"publish","type":"product","link":"https:\/\/www.hirtenberg-apotheke.at\/katalog\/produkt\/pflueger-dr-schuessler-nr-26-selenium-100-g\/","title":{"rendered":"Pfl\u00fcger Dr. Sch\u00fc\u00dfler Nr. 26 Selenium 100 g"},"content":{"rendered":"<p>Pfl\u00fcger Dr. Sch\u00fc\u00dfler Nr. 26 Selenium reguliert den Stoffwechsel sowie den Zellschutz. Bei Einnahme des Erg\u00e4nzungssalzes wird dem K\u00f6rper die Aufnahme von Selen erleichtert und verhindert so einen Mangel des Spurenelementes. Selenium wirkt f\u00f6rdernd f\u00fcr die Entgiftung des K\u00f6rpers und unterst\u00fctzt die Ausscheidung von Schwermetallen.<\/p>\n","protected":false},"excerpt":{"rendered":"<p>Pfl\u00fcger Dr. Sch\u00fc\u00dfler Nr. 26 Selenium reguliert den Stoffwechsel sowie den Zellschutz. Bei Einnahme des Erg\u00e4nzungssalzes wird dem K\u00f6rper die Aufnahme von Selen erleichtert und verhindert so einen Mangel des Spurenelementes. Selenium wirkt f\u00f6rdernd f\u00fcr die Entgiftung des K\u00f6rpers und unterst\u00fctzt die Ausscheidung von Schwermetallen.<\/p>\n","protected":false},"featured_media":0,"template":"","meta":{"_acf_changed":false},"product_brand":[],"product_cat":[302],"product_tag":[],"class_list":{"0":"post-104414","1":"product","2":"type-product","3":"status-publish","5":"product_cat-p","6":"pa_packungsgroesse-100g","8":"first","9":"instock","10":"shipping-taxable","11":"purchasable","12":"product-type-simple"},"acf":[],"_links":{"self":[{"href":"https:\/\/www.hirtenberg-apotheke.at\/katalog\/wp-json\/wp\/v2\/product\/104414","targetHints":{"allow":["GET"]}}],"collection":[{"href":"https:\/\/www.hirtenberg-apotheke.at\/katalog\/wp-json\/wp\/v2\/product"}],"about":[{"href":"https:\/\/www.hirtenberg-apotheke.at\/katalog\/wp-json\/wp\/v2\/types\/product"}],"wp:attachment":[{"href":"https:\/\/www.hirtenberg-apotheke.at\/katalog\/wp-json\/wp\/v2\/media?parent=104414"}],"wp:term":[{"taxonomy":"product_brand","embeddable":true,"href":"https:\/\/www.hirtenberg-apotheke.at\/katalog\/wp-json\/wp\/v2\/product_brand?post=104414"},{"taxonomy":"product_cat","embeddable":true,"href":"https:\/\/www.hirtenberg-apotheke.at\/katalog\/wp-json\/wp\/v2\/product_cat?post=104414"},{"taxonomy":"product_tag","embeddable":true,"href":"https:\/\/www.hirtenberg-apotheke.at\/katalog\/wp-json\/wp\/v2\/product_tag?post=104414"}],"curies":[{"name":"wp","href":"https:\/\/api.w.org\/{rel}","templated":true}]}}