{"id":104474,"date":"2025-12-03T08:19:23","date_gmt":"2025-12-03T07:19:23","guid":{"rendered":"https:\/\/www.hirtenberg-apotheke.at\/katalog\/produkt\/schwedenkraeuter-gel-mit-propolis-100-ml\/"},"modified":"2025-12-03T08:19:54","modified_gmt":"2025-12-03T07:19:54","slug":"schwedenkraeuter-gel-mit-propolis-100-ml","status":"publish","type":"product","link":"https:\/\/www.hirtenberg-apotheke.at\/katalog\/produkt\/schwedenkraeuter-gel-mit-propolis-100-ml\/","title":{"rendered":"Schwedenkr\u00e4uter Gel mit Propolis 100 ml"},"content":{"rendered":"<p>Die \u00e4u\u00dferliche Anwendung von Schwedenkr\u00e4uter Gel mit Propolis hilft bei Verspannung, Verstauchung, bei Prellungen, Entz\u00fcndungen, sowie zur F\u00f6rderung der Durchblutung, nach Insektenstichen und macht m\u00fcde Beine wieder munter.<\/p>\n","protected":false},"excerpt":{"rendered":"<p>Die \u00e4u\u00dferliche Anwendung von Schwedenkr\u00e4uter Gel mit Propolis hilft bei Verspannung, Verstauchung, bei Prellungen, Entz\u00fcndungen, sowie zur F\u00f6rderung der Durchblutung, nach Insektenstichen und macht m\u00fcde Beine wieder munter.<\/p>\n","protected":false},"featured_media":104476,"template":"","meta":{"_acf_changed":false},"product_brand":[],"product_cat":[303],"product_tag":[],"class_list":{"0":"post-104474","1":"product","2":"type-product","3":"status-publish","4":"has-post-thumbnail","6":"product_cat-s","7":"pa_packungsgroesse-100ml","9":"first","10":"instock","11":"shipping-taxable","12":"purchasable","13":"product-type-simple"},"acf":[],"_links":{"self":[{"href":"https:\/\/www.hirtenberg-apotheke.at\/katalog\/wp-json\/wp\/v2\/product\/104474","targetHints":{"allow":["GET"]}}],"collection":[{"href":"https:\/\/www.hirtenberg-apotheke.at\/katalog\/wp-json\/wp\/v2\/product"}],"about":[{"href":"https:\/\/www.hirtenberg-apotheke.at\/katalog\/wp-json\/wp\/v2\/types\/product"}],"wp:featuredmedia":[{"embeddable":true,"href":"https:\/\/www.hirtenberg-apotheke.at\/katalog\/wp-json\/wp\/v2\/media\/104476"}],"wp:attachment":[{"href":"https:\/\/www.hirtenberg-apotheke.at\/katalog\/wp-json\/wp\/v2\/media?parent=104474"}],"wp:term":[{"taxonomy":"product_brand","embeddable":true,"href":"https:\/\/www.hirtenberg-apotheke.at\/katalog\/wp-json\/wp\/v2\/product_brand?post=104474"},{"taxonomy":"product_cat","embeddable":true,"href":"https:\/\/www.hirtenberg-apotheke.at\/katalog\/wp-json\/wp\/v2\/product_cat?post=104474"},{"taxonomy":"product_tag","embeddable":true,"href":"https:\/\/www.hirtenberg-apotheke.at\/katalog\/wp-json\/wp\/v2\/product_tag?post=104474"}],"curies":[{"name":"wp","href":"https:\/\/api.w.org\/{rel}","templated":true}]}}