{"id":104660,"date":"2025-12-03T08:26:42","date_gmt":"2025-12-03T07:26:42","guid":{"rendered":"https:\/\/www.hirtenberg-apotheke.at\/katalog\/produkt\/sonnentor-alles-liebe-bluetenzaubersalz-streudose-90-g-bio\/"},"modified":"2025-12-03T08:27:03","modified_gmt":"2025-12-03T07:27:03","slug":"sonnentor-alles-liebe-bluetenzaubersalz-streudose-90-g-bio","status":"publish","type":"product","link":"https:\/\/www.hirtenberg-apotheke.at\/katalog\/produkt\/sonnentor-alles-liebe-bluetenzaubersalz-streudose-90-g-bio\/","title":{"rendered":"Sonnentor Alles Liebe Bl\u00fctenzaubersalz Streudose 90 g BIO"},"content":{"rendered":"<p>Das Sonnentor Alles Liebe Bl\u00fctenzaubersalz in der 90 g Streudose vereint fein gemahlenes Meersalz mit roten, rosa und blauen Bl\u00fcten der Alles Liebe Gew\u00fcrz-Bl\u00fcten-Zubereitung. Die erlesene W\u00fcrze mit feiner Frucht passt besonders gut zum Fr\u00fchst\u00fccksei, zu hellem Fisch und Pasta.<\/p>\n","protected":false},"excerpt":{"rendered":"<p>Das Sonnentor Alles Liebe Bl\u00fctenzaubersalz in der 90 g Streudose vereint fein gemahlenes Meersalz mit roten, rosa und blauen Bl\u00fcten der Alles Liebe Gew\u00fcrz-Bl\u00fcten-Zubereitung. Die erlesene W\u00fcrze mit feiner Frucht passt besonders gut zum Fr\u00fchst\u00fccksei, zu hellem Fisch und Pasta.<\/p>\n","protected":false},"featured_media":104662,"template":"","meta":{"_acf_changed":false},"product_brand":[917],"product_cat":[303],"product_tag":[],"class_list":{"0":"post-104660","1":"product","2":"type-product","3":"status-publish","4":"has-post-thumbnail","6":"product_brand-sonnentor","7":"product_cat-s","8":"pa_packungsgroesse-90g","10":"first","11":"instock","12":"shipping-taxable","13":"purchasable","14":"product-type-simple"},"acf":[],"_links":{"self":[{"href":"https:\/\/www.hirtenberg-apotheke.at\/katalog\/wp-json\/wp\/v2\/product\/104660","targetHints":{"allow":["GET"]}}],"collection":[{"href":"https:\/\/www.hirtenberg-apotheke.at\/katalog\/wp-json\/wp\/v2\/product"}],"about":[{"href":"https:\/\/www.hirtenberg-apotheke.at\/katalog\/wp-json\/wp\/v2\/types\/product"}],"wp:featuredmedia":[{"embeddable":true,"href":"https:\/\/www.hirtenberg-apotheke.at\/katalog\/wp-json\/wp\/v2\/media\/104662"}],"wp:attachment":[{"href":"https:\/\/www.hirtenberg-apotheke.at\/katalog\/wp-json\/wp\/v2\/media?parent=104660"}],"wp:term":[{"taxonomy":"product_brand","embeddable":true,"href":"https:\/\/www.hirtenberg-apotheke.at\/katalog\/wp-json\/wp\/v2\/product_brand?post=104660"},{"taxonomy":"product_cat","embeddable":true,"href":"https:\/\/www.hirtenberg-apotheke.at\/katalog\/wp-json\/wp\/v2\/product_cat?post=104660"},{"taxonomy":"product_tag","embeddable":true,"href":"https:\/\/www.hirtenberg-apotheke.at\/katalog\/wp-json\/wp\/v2\/product_tag?post=104660"}],"curies":[{"name":"wp","href":"https:\/\/api.w.org\/{rel}","templated":true}]}}