{"id":104669,"date":"2025-12-03T08:26:42","date_gmt":"2025-12-03T07:26:42","guid":{"rendered":"https:\/\/www.hirtenberg-apotheke.at\/katalog\/produkt\/sonnentor-mediterranes-bluetenzaubersalz-streudose-90-g-bio\/"},"modified":"2025-12-03T08:27:23","modified_gmt":"2025-12-03T07:27:23","slug":"sonnentor-mediterranes-bluetenzaubersalz-streudose-90-g-bio","status":"publish","type":"product","link":"https:\/\/www.hirtenberg-apotheke.at\/katalog\/produkt\/sonnentor-mediterranes-bluetenzaubersalz-streudose-90-g-bio\/","title":{"rendered":"Sonnentor Mediterranes Bl\u00fctenzaubersalz Streudose 90 g BIO"},"content":{"rendered":"<p>Sonnentor Mediterranes Bl\u00fctenzaubersalz in der 90 g Streudose ist ein farbenfrohe Salzmischung, die hervorragend zu edlen Terrinen, Vorspeisen, Risotto und Nudelgerichten oder delikater Rohkost und Salaten passt. F\u00fcr die mediterrane W\u00fcrze sind Meersalz, Basilikum und Oregano verantwortlich, das bunte Farbenspiel haben Sonnblumenbl\u00fctenbl\u00e4tter, Rosenbl\u00fcten, Kornblumen und Malvenbl\u00fcten zu verantworten.<\/p>\n","protected":false},"excerpt":{"rendered":"<p>Sonnentor Mediterranes Bl\u00fctenzaubersalz in der 90 g Streudose ist ein farbenfrohe Salzmischung, die hervorragend zu edlen Terrinen, Vorspeisen, Risotto und Nudelgerichten oder delikater Rohkost und Salaten passt. F\u00fcr die mediterrane W\u00fcrze sind Meersalz, Basilikum und Oregano verantwortlich, das bunte Farbenspiel haben Sonnblumenbl\u00fctenbl\u00e4tter, Rosenbl\u00fcten, Kornblumen und Malvenbl\u00fcten zu verantworten.<\/p>\n","protected":false},"featured_media":104671,"template":"","meta":{"_acf_changed":false},"product_brand":[917],"product_cat":[303],"product_tag":[],"class_list":{"0":"post-104669","1":"product","2":"type-product","3":"status-publish","4":"has-post-thumbnail","6":"product_brand-sonnentor","7":"product_cat-s","8":"pa_packungsgroesse-90g","10":"first","11":"instock","12":"shipping-taxable","13":"purchasable","14":"product-type-simple"},"acf":[],"_links":{"self":[{"href":"https:\/\/www.hirtenberg-apotheke.at\/katalog\/wp-json\/wp\/v2\/product\/104669","targetHints":{"allow":["GET"]}}],"collection":[{"href":"https:\/\/www.hirtenberg-apotheke.at\/katalog\/wp-json\/wp\/v2\/product"}],"about":[{"href":"https:\/\/www.hirtenberg-apotheke.at\/katalog\/wp-json\/wp\/v2\/types\/product"}],"wp:featuredmedia":[{"embeddable":true,"href":"https:\/\/www.hirtenberg-apotheke.at\/katalog\/wp-json\/wp\/v2\/media\/104671"}],"wp:attachment":[{"href":"https:\/\/www.hirtenberg-apotheke.at\/katalog\/wp-json\/wp\/v2\/media?parent=104669"}],"wp:term":[{"taxonomy":"product_brand","embeddable":true,"href":"https:\/\/www.hirtenberg-apotheke.at\/katalog\/wp-json\/wp\/v2\/product_brand?post=104669"},{"taxonomy":"product_cat","embeddable":true,"href":"https:\/\/www.hirtenberg-apotheke.at\/katalog\/wp-json\/wp\/v2\/product_cat?post=104669"},{"taxonomy":"product_tag","embeddable":true,"href":"https:\/\/www.hirtenberg-apotheke.at\/katalog\/wp-json\/wp\/v2\/product_tag?post=104669"}],"curies":[{"name":"wp","href":"https:\/\/api.w.org\/{rel}","templated":true}]}}