{"id":105138,"date":"2025-12-03T08:45:08","date_gmt":"2025-12-03T07:45:08","guid":{"rendered":"https:\/\/www.hirtenberg-apotheke.at\/katalog\/produkt\/sonnentor-steinpilze-geschnitten-25-g-bio\/"},"modified":"2025-12-03T08:45:12","modified_gmt":"2025-12-03T07:45:12","slug":"sonnentor-steinpilze-geschnitten-25-g-bio","status":"publish","type":"product","link":"https:\/\/www.hirtenberg-apotheke.at\/katalog\/produkt\/sonnentor-steinpilze-geschnitten-25-g-bio\/","title":{"rendered":"Sonnentor Steinpilze geschnitten 25 g BIO"},"content":{"rendered":"<p>Sonnentor Steinpilze geschnitten im 25 g P\u00e4ckchen sind als Bestandteil von Pilzragouts, in F\u00fcllungen und Saucen besonders geeignet. Echte Pilzliebhaber k\u00f6nnen dem kr\u00e4ftigen Aroma des Steinpilzes nicht widerstehen, ein sparsamer Einsatz ist aufgrund des intensiven Aromas der K\u00f6stlichkeit jedoch angemessen<\/p>\n","protected":false},"excerpt":{"rendered":"<p>Sonnentor Steinpilze geschnitten im 25 g P\u00e4ckchen sind als Bestandteil von Pilzragouts, in F\u00fcllungen und Saucen besonders geeignet. Echte Pilzliebhaber k\u00f6nnen dem kr\u00e4ftigen Aroma des Steinpilzes nicht widerstehen, ein sparsamer Einsatz ist aufgrund des intensiven Aromas der K\u00f6stlichkeit jedoch angemessen<\/p>\n","protected":false},"featured_media":105140,"template":"","meta":{"_acf_changed":false},"product_brand":[917],"product_cat":[303],"product_tag":[],"class_list":{"0":"post-105138","1":"product","2":"type-product","3":"status-publish","4":"has-post-thumbnail","6":"product_brand-sonnentor","7":"product_cat-s","8":"pa_packungsgroesse-25g","10":"first","11":"instock","12":"shipping-taxable","13":"purchasable","14":"product-type-simple"},"acf":[],"_links":{"self":[{"href":"https:\/\/www.hirtenberg-apotheke.at\/katalog\/wp-json\/wp\/v2\/product\/105138","targetHints":{"allow":["GET"]}}],"collection":[{"href":"https:\/\/www.hirtenberg-apotheke.at\/katalog\/wp-json\/wp\/v2\/product"}],"about":[{"href":"https:\/\/www.hirtenberg-apotheke.at\/katalog\/wp-json\/wp\/v2\/types\/product"}],"wp:featuredmedia":[{"embeddable":true,"href":"https:\/\/www.hirtenberg-apotheke.at\/katalog\/wp-json\/wp\/v2\/media\/105140"}],"wp:attachment":[{"href":"https:\/\/www.hirtenberg-apotheke.at\/katalog\/wp-json\/wp\/v2\/media?parent=105138"}],"wp:term":[{"taxonomy":"product_brand","embeddable":true,"href":"https:\/\/www.hirtenberg-apotheke.at\/katalog\/wp-json\/wp\/v2\/product_brand?post=105138"},{"taxonomy":"product_cat","embeddable":true,"href":"https:\/\/www.hirtenberg-apotheke.at\/katalog\/wp-json\/wp\/v2\/product_cat?post=105138"},{"taxonomy":"product_tag","embeddable":true,"href":"https:\/\/www.hirtenberg-apotheke.at\/katalog\/wp-json\/wp\/v2\/product_tag?post=105138"}],"curies":[{"name":"wp","href":"https:\/\/api.w.org\/{rel}","templated":true}]}}