{"id":105209,"date":"2025-12-03T08:47:01","date_gmt":"2025-12-03T07:47:01","guid":{"rendered":"https:\/\/www.hirtenberg-apotheke.at\/katalog\/produkt\/sonnentor-tee-happiness-is-frau-sein-18-btl-bio\/"},"modified":"2025-12-03T08:48:06","modified_gmt":"2025-12-03T07:48:06","slug":"sonnentor-tee-happiness-is-frau-sein-18-btl-bio","status":"publish","type":"product","link":"https:\/\/www.hirtenberg-apotheke.at\/katalog\/produkt\/sonnentor-tee-happiness-is-frau-sein-18-btl-bio\/","title":{"rendered":"Sonnentor Tee Happiness is Frau sein 18 Btl. BIO"},"content":{"rendered":"<p>Sonnentor Tee Happiness is\u00ae Frau sein 18 Btl. mit Frauenmantel, Rosmarin und Preiselbeeren \u00fcberzeugt durch seinen herben, fruchtigen und s\u00fc\u00dflichen Geschmack. Er passt in jeder Lebenslage und harmoniert wunderbar mit Gerichten der mediterranen K\u00fcche, wie zum Beispiel tomatigen Pastagerichten und Piccata Milanese<\/p>\n","protected":false},"excerpt":{"rendered":"<p>Sonnentor Tee Happiness is\u00ae Frau sein 18 Btl. mit Frauenmantel, Rosmarin und Preiselbeeren \u00fcberzeugt durch seinen herben, fruchtigen und s\u00fc\u00dflichen Geschmack. Er passt in jeder Lebenslage und harmoniert wunderbar mit Gerichten der mediterranen K\u00fcche, wie zum Beispiel tomatigen Pastagerichten und Piccata Milanese<\/p>\n","protected":false},"featured_media":105211,"template":"","meta":{"_acf_changed":false},"product_brand":[917],"product_cat":[303],"product_tag":[],"class_list":{"0":"post-105209","1":"product","2":"type-product","3":"status-publish","4":"has-post-thumbnail","6":"product_brand-sonnentor","7":"product_cat-s","8":"pa_packungsgroesse-18-beutel","10":"first","11":"instock","12":"shipping-taxable","13":"purchasable","14":"product-type-simple"},"acf":[],"_links":{"self":[{"href":"https:\/\/www.hirtenberg-apotheke.at\/katalog\/wp-json\/wp\/v2\/product\/105209","targetHints":{"allow":["GET"]}}],"collection":[{"href":"https:\/\/www.hirtenberg-apotheke.at\/katalog\/wp-json\/wp\/v2\/product"}],"about":[{"href":"https:\/\/www.hirtenberg-apotheke.at\/katalog\/wp-json\/wp\/v2\/types\/product"}],"wp:featuredmedia":[{"embeddable":true,"href":"https:\/\/www.hirtenberg-apotheke.at\/katalog\/wp-json\/wp\/v2\/media\/105211"}],"wp:attachment":[{"href":"https:\/\/www.hirtenberg-apotheke.at\/katalog\/wp-json\/wp\/v2\/media?parent=105209"}],"wp:term":[{"taxonomy":"product_brand","embeddable":true,"href":"https:\/\/www.hirtenberg-apotheke.at\/katalog\/wp-json\/wp\/v2\/product_brand?post=105209"},{"taxonomy":"product_cat","embeddable":true,"href":"https:\/\/www.hirtenberg-apotheke.at\/katalog\/wp-json\/wp\/v2\/product_cat?post=105209"},{"taxonomy":"product_tag","embeddable":true,"href":"https:\/\/www.hirtenberg-apotheke.at\/katalog\/wp-json\/wp\/v2\/product_tag?post=105209"}],"curies":[{"name":"wp","href":"https:\/\/api.w.org\/{rel}","templated":true}]}}