{"id":105245,"date":"2025-12-03T08:49:11","date_gmt":"2025-12-03T07:49:11","guid":{"rendered":"https:\/\/www.hirtenberg-apotheke.at\/katalog\/produkt\/sonnentor-tee-happiness-is-lebensfeuer-18-btl-bio\/"},"modified":"2025-12-03T08:49:32","modified_gmt":"2025-12-03T07:49:32","slug":"sonnentor-tee-happiness-is-lebensfeuer-18-btl-bio","status":"publish","type":"product","link":"https:\/\/www.hirtenberg-apotheke.at\/katalog\/produkt\/sonnentor-tee-happiness-is-lebensfeuer-18-btl-bio\/","title":{"rendered":"Sonnentor Tee Happiness is Lebensfeuer 18 Btl. BIO"},"content":{"rendered":"<p>Sonnentor Tee Happiness is\u00ae Lebensfeuer mit einer starken Mischung aus Kurkuma, Zimt und Safran inspiriert Sie unbekannte Wege zu beschreiten. Er schmeckt s\u00fc\u00dflich und w\u00fcrzig und passt wunderbar zu exotischen Suppen und Curries<\/p>\n","protected":false},"excerpt":{"rendered":"<p>Sonnentor Tee Happiness is\u00ae Lebensfeuer mit einer starken Mischung aus Kurkuma, Zimt und Safran inspiriert Sie unbekannte Wege zu beschreiten. Er schmeckt s\u00fc\u00dflich und w\u00fcrzig und passt wunderbar zu exotischen Suppen und Curries<\/p>\n","protected":false},"featured_media":105247,"template":"","meta":{"_acf_changed":false},"product_brand":[917],"product_cat":[303],"product_tag":[],"class_list":{"0":"post-105245","1":"product","2":"type-product","3":"status-publish","4":"has-post-thumbnail","6":"product_brand-sonnentor","7":"product_cat-s","8":"pa_packungsgroesse-18-beutel","10":"first","11":"instock","12":"shipping-taxable","13":"purchasable","14":"product-type-simple"},"acf":[],"_links":{"self":[{"href":"https:\/\/www.hirtenberg-apotheke.at\/katalog\/wp-json\/wp\/v2\/product\/105245","targetHints":{"allow":["GET"]}}],"collection":[{"href":"https:\/\/www.hirtenberg-apotheke.at\/katalog\/wp-json\/wp\/v2\/product"}],"about":[{"href":"https:\/\/www.hirtenberg-apotheke.at\/katalog\/wp-json\/wp\/v2\/types\/product"}],"wp:featuredmedia":[{"embeddable":true,"href":"https:\/\/www.hirtenberg-apotheke.at\/katalog\/wp-json\/wp\/v2\/media\/105247"}],"wp:attachment":[{"href":"https:\/\/www.hirtenberg-apotheke.at\/katalog\/wp-json\/wp\/v2\/media?parent=105245"}],"wp:term":[{"taxonomy":"product_brand","embeddable":true,"href":"https:\/\/www.hirtenberg-apotheke.at\/katalog\/wp-json\/wp\/v2\/product_brand?post=105245"},{"taxonomy":"product_cat","embeddable":true,"href":"https:\/\/www.hirtenberg-apotheke.at\/katalog\/wp-json\/wp\/v2\/product_cat?post=105245"},{"taxonomy":"product_tag","embeddable":true,"href":"https:\/\/www.hirtenberg-apotheke.at\/katalog\/wp-json\/wp\/v2\/product_tag?post=105245"}],"curies":[{"name":"wp","href":"https:\/\/api.w.org\/{rel}","templated":true}]}}