{"id":105254,"date":"2025-12-03T08:49:11","date_gmt":"2025-12-03T07:49:11","guid":{"rendered":"https:\/\/www.hirtenberg-apotheke.at\/katalog\/produkt\/sonnentor-tee-happiness-is-pure-leichtigkeit-18-btl-bio\/"},"modified":"2025-12-03T08:49:53","modified_gmt":"2025-12-03T07:49:53","slug":"sonnentor-tee-happiness-is-pure-leichtigkeit-18-btl-bio","status":"publish","type":"product","link":"https:\/\/www.hirtenberg-apotheke.at\/katalog\/produkt\/sonnentor-tee-happiness-is-pure-leichtigkeit-18-btl-bio\/","title":{"rendered":"Sonnentor Tee Happiness is Pure Leichtigkeit 18 Btl. BIO"},"content":{"rendered":"<p>Sonnentor Tee Happiness is\u00ae Pure Leichtigkeit mit Gr\u00fcnem Hafer, Brennnessel und Kardamom unterst\u00fctzt Sie dabei, ins Reine zu kommen und Leichtigkeit zu finden. Der s\u00fc\u00dflich-w\u00fcrzige und krautige Tee passt wunderbar leichten Salaten und gem\u00fcsigen Suppen<\/p>\n","protected":false},"excerpt":{"rendered":"<p>Sonnentor Tee Happiness is\u00ae Pure Leichtigkeit mit Gr\u00fcnem Hafer, Brennnessel und Kardamom unterst\u00fctzt Sie dabei, ins Reine zu kommen und Leichtigkeit zu finden. Der s\u00fc\u00dflich-w\u00fcrzige und krautige Tee passt wunderbar leichten Salaten und gem\u00fcsigen Suppen<\/p>\n","protected":false},"featured_media":105256,"template":"","meta":{"_acf_changed":false},"product_brand":[917],"product_cat":[303],"product_tag":[],"class_list":{"0":"post-105254","1":"product","2":"type-product","3":"status-publish","4":"has-post-thumbnail","6":"product_brand-sonnentor","7":"product_cat-s","8":"pa_packungsgroesse-18-beutel","10":"first","11":"instock","12":"shipping-taxable","13":"purchasable","14":"product-type-simple"},"acf":[],"_links":{"self":[{"href":"https:\/\/www.hirtenberg-apotheke.at\/katalog\/wp-json\/wp\/v2\/product\/105254","targetHints":{"allow":["GET"]}}],"collection":[{"href":"https:\/\/www.hirtenberg-apotheke.at\/katalog\/wp-json\/wp\/v2\/product"}],"about":[{"href":"https:\/\/www.hirtenberg-apotheke.at\/katalog\/wp-json\/wp\/v2\/types\/product"}],"wp:featuredmedia":[{"embeddable":true,"href":"https:\/\/www.hirtenberg-apotheke.at\/katalog\/wp-json\/wp\/v2\/media\/105256"}],"wp:attachment":[{"href":"https:\/\/www.hirtenberg-apotheke.at\/katalog\/wp-json\/wp\/v2\/media?parent=105254"}],"wp:term":[{"taxonomy":"product_brand","embeddable":true,"href":"https:\/\/www.hirtenberg-apotheke.at\/katalog\/wp-json\/wp\/v2\/product_brand?post=105254"},{"taxonomy":"product_cat","embeddable":true,"href":"https:\/\/www.hirtenberg-apotheke.at\/katalog\/wp-json\/wp\/v2\/product_cat?post=105254"},{"taxonomy":"product_tag","embeddable":true,"href":"https:\/\/www.hirtenberg-apotheke.at\/katalog\/wp-json\/wp\/v2\/product_tag?post=105254"}],"curies":[{"name":"wp","href":"https:\/\/api.w.org\/{rel}","templated":true}]}}