{"id":105298,"date":"2025-12-03T08:51:02","date_gmt":"2025-12-03T07:51:02","guid":{"rendered":"https:\/\/www.hirtenberg-apotheke.at\/katalog\/produkt\/sonnentor-ringelblumen-tee-50g-bio\/"},"modified":"2025-12-03T08:51:05","modified_gmt":"2025-12-03T07:51:05","slug":"sonnentor-ringelblumen-tee-50g-bio","status":"publish","type":"product","link":"https:\/\/www.hirtenberg-apotheke.at\/katalog\/produkt\/sonnentor-ringelblumen-tee-50g-bio\/","title":{"rendered":"Sonnentor Ringelblumen Tee 50g BIO"},"content":{"rendered":"<p>Der Sonnentor Ringelblumen Tee lose in der 50 g Packung leuchtet mit einer gelben Nuance aus der Tasse, das Aroma hat einen einfachen K\u00f6rper und eine herb-w\u00fcrzige Note, der Geschmack ist mild. Da die orange-goldenen Bl\u00fctenk\u00f6pfe der wirkungsvollen Ringelblume ausschlie\u00dflich in Handarbeit geerntet werden k\u00f6nnen, gilt der Ringelblumen Tee als besonders wertvoll.<\/p>\n","protected":false},"excerpt":{"rendered":"<p>Der Sonnentor Ringelblumen Tee lose in der 50 g Packung leuchtet mit einer gelben Nuance aus der Tasse, das Aroma hat einen einfachen K\u00f6rper und eine herb-w\u00fcrzige Note, der Geschmack ist mild. Da die orange-goldenen Bl\u00fctenk\u00f6pfe der wirkungsvollen Ringelblume ausschlie\u00dflich in Handarbeit geerntet werden k\u00f6nnen, gilt der Ringelblumen Tee als besonders wertvoll.<\/p>\n","protected":false},"featured_media":105300,"template":"","meta":{"_acf_changed":false},"product_brand":[917],"product_cat":[303],"product_tag":[],"class_list":{"0":"post-105298","1":"product","2":"type-product","3":"status-publish","4":"has-post-thumbnail","6":"product_brand-sonnentor","7":"product_cat-s","8":"pa_packungsgroesse-50g","10":"first","11":"instock","12":"shipping-taxable","13":"purchasable","14":"product-type-simple"},"acf":[],"_links":{"self":[{"href":"https:\/\/www.hirtenberg-apotheke.at\/katalog\/wp-json\/wp\/v2\/product\/105298","targetHints":{"allow":["GET"]}}],"collection":[{"href":"https:\/\/www.hirtenberg-apotheke.at\/katalog\/wp-json\/wp\/v2\/product"}],"about":[{"href":"https:\/\/www.hirtenberg-apotheke.at\/katalog\/wp-json\/wp\/v2\/types\/product"}],"wp:featuredmedia":[{"embeddable":true,"href":"https:\/\/www.hirtenberg-apotheke.at\/katalog\/wp-json\/wp\/v2\/media\/105300"}],"wp:attachment":[{"href":"https:\/\/www.hirtenberg-apotheke.at\/katalog\/wp-json\/wp\/v2\/media?parent=105298"}],"wp:term":[{"taxonomy":"product_brand","embeddable":true,"href":"https:\/\/www.hirtenberg-apotheke.at\/katalog\/wp-json\/wp\/v2\/product_brand?post=105298"},{"taxonomy":"product_cat","embeddable":true,"href":"https:\/\/www.hirtenberg-apotheke.at\/katalog\/wp-json\/wp\/v2\/product_cat?post=105298"},{"taxonomy":"product_tag","embeddable":true,"href":"https:\/\/www.hirtenberg-apotheke.at\/katalog\/wp-json\/wp\/v2\/product_tag?post=105298"}],"curies":[{"name":"wp","href":"https:\/\/api.w.org\/{rel}","templated":true}]}}