{"id":105304,"date":"2025-12-03T08:51:02","date_gmt":"2025-12-03T07:51:02","guid":{"rendered":"https:\/\/www.hirtenberg-apotheke.at\/katalog\/produkt\/sonnentor-thymian-tee-bio-18-btl\/"},"modified":"2025-12-03T08:51:32","modified_gmt":"2025-12-03T07:51:32","slug":"sonnentor-thymian-tee-bio-18-btl","status":"publish","type":"product","link":"https:\/\/www.hirtenberg-apotheke.at\/katalog\/produkt\/sonnentor-thymian-tee-bio-18-btl\/","title":{"rendered":"Sonnentor Thymian Tee bio 18 Btl."},"content":{"rendered":"<p>Im Geschmack ist der Tee kr\u00e4ftig und vollmundig mediterran. Thymian wurde fr\u00fcher von Kriegern vor gef\u00e4hrlichen Schlachten genutzt: Ein Bad darin sollte ihnen zu besonderem Mut verhelfen. Heute ist die Pflanze als Bienen- und Augenweide bekannt und sollte deswegen in keinem Garten fehlen. Thymus bedeutet \u00fcbrigens Lebensenergie.<\/p>\n","protected":false},"excerpt":{"rendered":"<p>Im Geschmack ist der Tee kr\u00e4ftig und vollmundig mediterran. Thymian wurde fr\u00fcher von Kriegern vor gef\u00e4hrlichen Schlachten genutzt: Ein Bad darin sollte ihnen zu besonderem Mut verhelfen. Heute ist die Pflanze als Bienen- und Augenweide bekannt und sollte deswegen in keinem Garten fehlen. Thymus bedeutet \u00fcbrigens Lebensenergie.<\/p>\n","protected":false},"featured_media":105306,"template":"","meta":{"_acf_changed":false},"product_brand":[917],"product_cat":[303],"product_tag":[],"class_list":{"0":"post-105304","1":"product","2":"type-product","3":"status-publish","4":"has-post-thumbnail","6":"product_brand-sonnentor","7":"product_cat-s","8":"pa_packungsgroesse-18-beutel","10":"first","11":"instock","12":"shipping-taxable","13":"purchasable","14":"product-type-simple"},"acf":[],"_links":{"self":[{"href":"https:\/\/www.hirtenberg-apotheke.at\/katalog\/wp-json\/wp\/v2\/product\/105304","targetHints":{"allow":["GET"]}}],"collection":[{"href":"https:\/\/www.hirtenberg-apotheke.at\/katalog\/wp-json\/wp\/v2\/product"}],"about":[{"href":"https:\/\/www.hirtenberg-apotheke.at\/katalog\/wp-json\/wp\/v2\/types\/product"}],"wp:featuredmedia":[{"embeddable":true,"href":"https:\/\/www.hirtenberg-apotheke.at\/katalog\/wp-json\/wp\/v2\/media\/105306"}],"wp:attachment":[{"href":"https:\/\/www.hirtenberg-apotheke.at\/katalog\/wp-json\/wp\/v2\/media?parent=105304"}],"wp:term":[{"taxonomy":"product_brand","embeddable":true,"href":"https:\/\/www.hirtenberg-apotheke.at\/katalog\/wp-json\/wp\/v2\/product_brand?post=105304"},{"taxonomy":"product_cat","embeddable":true,"href":"https:\/\/www.hirtenberg-apotheke.at\/katalog\/wp-json\/wp\/v2\/product_cat?post=105304"},{"taxonomy":"product_tag","embeddable":true,"href":"https:\/\/www.hirtenberg-apotheke.at\/katalog\/wp-json\/wp\/v2\/product_tag?post=105304"}],"curies":[{"name":"wp","href":"https:\/\/api.w.org\/{rel}","templated":true}]}}