{"id":105313,"date":"2025-12-03T08:51:31","date_gmt":"2025-12-03T07:51:31","guid":{"rendered":"https:\/\/www.hirtenberg-apotheke.at\/katalog\/produkt\/sonnentor-wieder-gut-kraeutertee-leicht-wie-eine-feder-18-btl-bio\/"},"modified":"2025-12-03T08:51:40","modified_gmt":"2025-12-03T07:51:40","slug":"sonnentor-wieder-gut-kraeutertee-leicht-wie-eine-feder-18-btl-bio","status":"publish","type":"product","link":"https:\/\/www.hirtenberg-apotheke.at\/katalog\/produkt\/sonnentor-wieder-gut-kraeutertee-leicht-wie-eine-feder-18-btl-bio\/","title":{"rendered":"Sonnentor Wieder gut! Kr\u00e4utertee Leicht wie eine Feder 18 Btl. BIO"},"content":{"rendered":"<p>Der Sonnentor Wieder gut!\u00ae Leicht wie eine Feder\u00ae Kr\u00e4utertee in Beutelform (18 Stk.) unterst\u00fctzt beim Entschlacken und Entgiften, bei Fastenkuren und Di\u00e4ten und bei der Gewichtsreduktion: Die ausgewogene Kr\u00e4uterteemischung mit Gr\u00fcnem Hafer, Brennnessel, Ingwer, Rosenbl\u00fcten und Lemongras ist auch kulinarisch der ideal Begleiter f\u00fcr Ihre Detox-Kur.<\/p>\n","protected":false},"excerpt":{"rendered":"<p>Der Sonnentor Wieder gut!\u00ae Leicht wie eine Feder\u00ae Kr\u00e4utertee in Beutelform (18 Stk.) unterst\u00fctzt beim Entschlacken und Entgiften, bei Fastenkuren und Di\u00e4ten und bei der Gewichtsreduktion: Die ausgewogene Kr\u00e4uterteemischung mit Gr\u00fcnem Hafer, Brennnessel, Ingwer, Rosenbl\u00fcten und Lemongras ist auch kulinarisch der ideal Begleiter f\u00fcr Ihre Detox-Kur.<\/p>\n","protected":false},"featured_media":105315,"template":"","meta":{"_acf_changed":false},"product_brand":[917],"product_cat":[303],"product_tag":[],"class_list":{"0":"post-105313","1":"product","2":"type-product","3":"status-publish","4":"has-post-thumbnail","6":"product_brand-sonnentor","7":"product_cat-s","8":"pa_packungsgroesse-18-beutel","10":"first","11":"instock","12":"shipping-taxable","13":"purchasable","14":"product-type-simple"},"acf":[],"_links":{"self":[{"href":"https:\/\/www.hirtenberg-apotheke.at\/katalog\/wp-json\/wp\/v2\/product\/105313","targetHints":{"allow":["GET"]}}],"collection":[{"href":"https:\/\/www.hirtenberg-apotheke.at\/katalog\/wp-json\/wp\/v2\/product"}],"about":[{"href":"https:\/\/www.hirtenberg-apotheke.at\/katalog\/wp-json\/wp\/v2\/types\/product"}],"wp:featuredmedia":[{"embeddable":true,"href":"https:\/\/www.hirtenberg-apotheke.at\/katalog\/wp-json\/wp\/v2\/media\/105315"}],"wp:attachment":[{"href":"https:\/\/www.hirtenberg-apotheke.at\/katalog\/wp-json\/wp\/v2\/media?parent=105313"}],"wp:term":[{"taxonomy":"product_brand","embeddable":true,"href":"https:\/\/www.hirtenberg-apotheke.at\/katalog\/wp-json\/wp\/v2\/product_brand?post=105313"},{"taxonomy":"product_cat","embeddable":true,"href":"https:\/\/www.hirtenberg-apotheke.at\/katalog\/wp-json\/wp\/v2\/product_cat?post=105313"},{"taxonomy":"product_tag","embeddable":true,"href":"https:\/\/www.hirtenberg-apotheke.at\/katalog\/wp-json\/wp\/v2\/product_tag?post=105313"}],"curies":[{"name":"wp","href":"https:\/\/api.w.org\/{rel}","templated":true}]}}