{"id":105321,"date":"2025-12-03T08:51:31","date_gmt":"2025-12-03T07:51:31","guid":{"rendered":"https:\/\/www.hirtenberg-apotheke.at\/katalog\/produkt\/sonnentor-wieder-gut-reine-nervensache-kraeutertee-18-btl-bio\/"},"modified":"2025-12-03T08:51:47","modified_gmt":"2025-12-03T07:51:47","slug":"sonnentor-wieder-gut-reine-nervensache-kraeutertee-18-btl-bio","status":"publish","type":"product","link":"https:\/\/www.hirtenberg-apotheke.at\/katalog\/produkt\/sonnentor-wieder-gut-reine-nervensache-kraeutertee-18-btl-bio\/","title":{"rendered":"Sonnentor Wieder gut! Reine Nervensache Kr\u00e4utertee 18 Btl. BIO"},"content":{"rendered":"<p>Der Sonnentor Wieder gut! Reine Nervensache Kr\u00e4utertee in Beutelform (18 Stk.) schafft Abhilfe, wenn Unruhe, Stress und Nervosit\u00e4t Ihren Alltag bestimmen. Die angenehme W\u00fcrze des Lavendels, vereint mit Orangenschalen und Zitronenmelisse helfen dem K\u00f6rper auf nat\u00fcrliche und gesunde Weise zur Ruhe zu kommen.<\/p>\n","protected":false},"excerpt":{"rendered":"<p>Der Sonnentor Wieder gut! Reine Nervensache Kr\u00e4utertee in Beutelform (18 Stk.) schafft Abhilfe, wenn Unruhe, Stress und Nervosit\u00e4t Ihren Alltag bestimmen. Die angenehme W\u00fcrze des Lavendels, vereint mit Orangenschalen und Zitronenmelisse helfen dem K\u00f6rper auf nat\u00fcrliche und gesunde Weise zur Ruhe zu kommen.<\/p>\n","protected":false},"featured_media":105323,"template":"","meta":{"_acf_changed":false},"product_brand":[917],"product_cat":[303],"product_tag":[],"class_list":{"0":"post-105321","1":"product","2":"type-product","3":"status-publish","4":"has-post-thumbnail","6":"product_brand-sonnentor","7":"product_cat-s","8":"pa_packungsgroesse-18-beutel","10":"first","11":"instock","12":"shipping-taxable","13":"purchasable","14":"product-type-simple"},"acf":[],"_links":{"self":[{"href":"https:\/\/www.hirtenberg-apotheke.at\/katalog\/wp-json\/wp\/v2\/product\/105321","targetHints":{"allow":["GET"]}}],"collection":[{"href":"https:\/\/www.hirtenberg-apotheke.at\/katalog\/wp-json\/wp\/v2\/product"}],"about":[{"href":"https:\/\/www.hirtenberg-apotheke.at\/katalog\/wp-json\/wp\/v2\/types\/product"}],"wp:featuredmedia":[{"embeddable":true,"href":"https:\/\/www.hirtenberg-apotheke.at\/katalog\/wp-json\/wp\/v2\/media\/105323"}],"wp:attachment":[{"href":"https:\/\/www.hirtenberg-apotheke.at\/katalog\/wp-json\/wp\/v2\/media?parent=105321"}],"wp:term":[{"taxonomy":"product_brand","embeddable":true,"href":"https:\/\/www.hirtenberg-apotheke.at\/katalog\/wp-json\/wp\/v2\/product_brand?post=105321"},{"taxonomy":"product_cat","embeddable":true,"href":"https:\/\/www.hirtenberg-apotheke.at\/katalog\/wp-json\/wp\/v2\/product_cat?post=105321"},{"taxonomy":"product_tag","embeddable":true,"href":"https:\/\/www.hirtenberg-apotheke.at\/katalog\/wp-json\/wp\/v2\/product_tag?post=105321"}],"curies":[{"name":"wp","href":"https:\/\/api.w.org\/{rel}","templated":true}]}}