{"id":105390,"date":"2025-12-03T08:53:48","date_gmt":"2025-12-03T07:53:48","guid":{"rendered":"https:\/\/www.hirtenberg-apotheke.at\/katalog\/produkt\/sonnentor-zitronengras-geschnitten-25-g-bio\/"},"modified":"2025-12-03T08:54:28","modified_gmt":"2025-12-03T07:54:28","slug":"sonnentor-zitronengras-geschnitten-25-g-bio","status":"publish","type":"product","link":"https:\/\/www.hirtenberg-apotheke.at\/katalog\/produkt\/sonnentor-zitronengras-geschnitten-25-g-bio\/","title":{"rendered":"Sonnentor Zitronengras geschnitten 25 g BIO"},"content":{"rendered":"<p>Das Sonnentor Lemongras geschnitten im 25 g P\u00e4ckchen schenkt jedem Asia-Fan eine zitronige W\u00fcrze f\u00fcr seine Lieblingsgerichte. Das fein zitronige Aroma der Pflanze passt wunderbar in asiatische Suppen und in Currys aller Art, vor allem aus der Thaik\u00fcche ist das Lemongras nicht wegzudenken.<\/p>\n","protected":false},"excerpt":{"rendered":"<p>Das Sonnentor Lemongras geschnitten im 25 g P\u00e4ckchen schenkt jedem Asia-Fan eine zitronige W\u00fcrze f\u00fcr seine Lieblingsgerichte. Das fein zitronige Aroma der Pflanze passt wunderbar in asiatische Suppen und in Currys aller Art, vor allem aus der Thaik\u00fcche ist das Lemongras nicht wegzudenken.<\/p>\n","protected":false},"featured_media":105392,"template":"","meta":{"_acf_changed":false},"product_brand":[917],"product_cat":[303],"product_tag":[],"class_list":{"0":"post-105390","1":"product","2":"type-product","3":"status-publish","4":"has-post-thumbnail","6":"product_brand-sonnentor","7":"product_cat-s","8":"pa_packungsgroesse-25g","10":"first","11":"instock","12":"shipping-taxable","13":"purchasable","14":"product-type-simple"},"acf":[],"_links":{"self":[{"href":"https:\/\/www.hirtenberg-apotheke.at\/katalog\/wp-json\/wp\/v2\/product\/105390","targetHints":{"allow":["GET"]}}],"collection":[{"href":"https:\/\/www.hirtenberg-apotheke.at\/katalog\/wp-json\/wp\/v2\/product"}],"about":[{"href":"https:\/\/www.hirtenberg-apotheke.at\/katalog\/wp-json\/wp\/v2\/types\/product"}],"wp:featuredmedia":[{"embeddable":true,"href":"https:\/\/www.hirtenberg-apotheke.at\/katalog\/wp-json\/wp\/v2\/media\/105392"}],"wp:attachment":[{"href":"https:\/\/www.hirtenberg-apotheke.at\/katalog\/wp-json\/wp\/v2\/media?parent=105390"}],"wp:term":[{"taxonomy":"product_brand","embeddable":true,"href":"https:\/\/www.hirtenberg-apotheke.at\/katalog\/wp-json\/wp\/v2\/product_brand?post=105390"},{"taxonomy":"product_cat","embeddable":true,"href":"https:\/\/www.hirtenberg-apotheke.at\/katalog\/wp-json\/wp\/v2\/product_cat?post=105390"},{"taxonomy":"product_tag","embeddable":true,"href":"https:\/\/www.hirtenberg-apotheke.at\/katalog\/wp-json\/wp\/v2\/product_tag?post=105390"}],"curies":[{"name":"wp","href":"https:\/\/api.w.org\/{rel}","templated":true}]}}