{"id":105556,"date":"2025-12-03T09:00:00","date_gmt":"2025-12-03T08:00:00","guid":{"rendered":"https:\/\/www.hirtenberg-apotheke.at\/katalog\/produkt\/statlock-picc-plus-stabilization-device-1-stk\/"},"modified":"2025-12-03T09:00:14","modified_gmt":"2025-12-03T08:00:14","slug":"statlock-picc-plus-stabilization-device-1-stk","status":"publish","type":"product","link":"https:\/\/www.hirtenberg-apotheke.at\/katalog\/produkt\/statlock-picc-plus-stabilization-device-1-stk\/","title":{"rendered":"StatLock PICC Plus Stabilization Device 1 Stk."},"content":{"rendered":"<p>StatLock PICC Plus Stabilization Device wurde entwickelt, um die m\u00f6glichen Komplikationen, welche mit einer Nahtfixierung verbunden sind, zu reduzieren. Au\u00dferdem erh\u00f6ht das Produkt durch den Wegfall der Notwendigkeit den Katheter mittels einer Naht zu fixieren den Komfort und die Sicherheit f\u00fcr den Patienten. Au\u00dferdem vermeidet das Produkt das Risiko einer Nadelstichverletzung f\u00fcr den Arzt.<\/p>\n","protected":false},"excerpt":{"rendered":"<p>StatLock PICC Plus Stabilization Device wurde entwickelt, um die m\u00f6glichen Komplikationen, welche mit einer Nahtfixierung verbunden sind, zu reduzieren. Au\u00dferdem erh\u00f6ht das Produkt durch den Wegfall der Notwendigkeit den Katheter mittels einer Naht zu fixieren den Komfort und die Sicherheit f\u00fcr den Patienten. Au\u00dferdem vermeidet das Produkt das Risiko einer Nadelstichverletzung f\u00fcr den Arzt.<\/p>\n","protected":false},"featured_media":105558,"template":"","meta":{"_acf_changed":false},"product_brand":[],"product_cat":[303],"product_tag":[],"class_list":{"0":"post-105556","1":"product","2":"type-product","3":"status-publish","4":"has-post-thumbnail","6":"product_cat-s","7":"pa_packungsgroesse-1-stueck","9":"first","10":"instock","11":"shipping-taxable","12":"purchasable","13":"product-type-simple"},"acf":[],"_links":{"self":[{"href":"https:\/\/www.hirtenberg-apotheke.at\/katalog\/wp-json\/wp\/v2\/product\/105556","targetHints":{"allow":["GET"]}}],"collection":[{"href":"https:\/\/www.hirtenberg-apotheke.at\/katalog\/wp-json\/wp\/v2\/product"}],"about":[{"href":"https:\/\/www.hirtenberg-apotheke.at\/katalog\/wp-json\/wp\/v2\/types\/product"}],"wp:featuredmedia":[{"embeddable":true,"href":"https:\/\/www.hirtenberg-apotheke.at\/katalog\/wp-json\/wp\/v2\/media\/105558"}],"wp:attachment":[{"href":"https:\/\/www.hirtenberg-apotheke.at\/katalog\/wp-json\/wp\/v2\/media?parent=105556"}],"wp:term":[{"taxonomy":"product_brand","embeddable":true,"href":"https:\/\/www.hirtenberg-apotheke.at\/katalog\/wp-json\/wp\/v2\/product_brand?post=105556"},{"taxonomy":"product_cat","embeddable":true,"href":"https:\/\/www.hirtenberg-apotheke.at\/katalog\/wp-json\/wp\/v2\/product_cat?post=105556"},{"taxonomy":"product_tag","embeddable":true,"href":"https:\/\/www.hirtenberg-apotheke.at\/katalog\/wp-json\/wp\/v2\/product_tag?post=105556"}],"curies":[{"name":"wp","href":"https:\/\/api.w.org\/{rel}","templated":true}]}}