{"id":106288,"date":"2025-12-03T09:22:22","date_gmt":"2025-12-03T08:22:22","guid":{"rendered":"https:\/\/www.hirtenberg-apotheke.at\/katalog\/produkt\/sterillium-spruehkopf-fuer-1-liter-1-stk\/"},"modified":"2025-12-03T09:22:26","modified_gmt":"2025-12-03T08:22:26","slug":"sterillium-spruehkopf-fuer-1-liter-1-stk","status":"publish","type":"product","link":"https:\/\/www.hirtenberg-apotheke.at\/katalog\/produkt\/sterillium-spruehkopf-fuer-1-liter-1-stk\/","title":{"rendered":"Sterillium Spr\u00fchkopf f\u00fcr 1 Liter 1 Stk."},"content":{"rendered":"<p>Sterillium Spr\u00fchkopf f\u00fcr 1 Liter  erm\u00f6glicht eine komfortable und gleichzeitig hygienische Entnahme von Produkten aus Gebinden von Basu Healthcare mit dem Volumen von 1 Liter.<\/p>\n","protected":false},"excerpt":{"rendered":"<p>Sterillium Spr\u00fchkopf f\u00fcr 1 Liter erm\u00f6glicht eine komfortable und gleichzeitig hygienische Entnahme von Produkten aus Gebinden von Basu Healthcare mit dem Volumen von 1 Liter.<\/p>\n","protected":false},"featured_media":0,"template":"","meta":{"_acf_changed":false},"product_brand":[],"product_cat":[303],"product_tag":[],"class_list":{"0":"post-106288","1":"product","2":"type-product","3":"status-publish","5":"product_cat-s","6":"pa_packungsgroesse-1-stueck","8":"first","9":"instock","10":"shipping-taxable","11":"purchasable","12":"product-type-simple"},"acf":[],"_links":{"self":[{"href":"https:\/\/www.hirtenberg-apotheke.at\/katalog\/wp-json\/wp\/v2\/product\/106288","targetHints":{"allow":["GET"]}}],"collection":[{"href":"https:\/\/www.hirtenberg-apotheke.at\/katalog\/wp-json\/wp\/v2\/product"}],"about":[{"href":"https:\/\/www.hirtenberg-apotheke.at\/katalog\/wp-json\/wp\/v2\/types\/product"}],"wp:attachment":[{"href":"https:\/\/www.hirtenberg-apotheke.at\/katalog\/wp-json\/wp\/v2\/media?parent=106288"}],"wp:term":[{"taxonomy":"product_brand","embeddable":true,"href":"https:\/\/www.hirtenberg-apotheke.at\/katalog\/wp-json\/wp\/v2\/product_brand?post=106288"},{"taxonomy":"product_cat","embeddable":true,"href":"https:\/\/www.hirtenberg-apotheke.at\/katalog\/wp-json\/wp\/v2\/product_cat?post=106288"},{"taxonomy":"product_tag","embeddable":true,"href":"https:\/\/www.hirtenberg-apotheke.at\/katalog\/wp-json\/wp\/v2\/product_tag?post=106288"}],"curies":[{"name":"wp","href":"https:\/\/api.w.org\/{rel}","templated":true}]}}