{"id":10688,"date":"2025-11-25T14:15:33","date_gmt":"2025-11-25T13:15:33","guid":{"rendered":"https:\/\/www.hirtenberg-apotheke.at\/katalog\/produkt\/nicotinell-transdermales-pflaster-tts-20\/"},"modified":"2025-11-25T14:17:00","modified_gmt":"2025-11-25T13:17:00","slug":"nicotinell-transdermales-pflaster-tts-20","status":"publish","type":"product","link":"https:\/\/www.hirtenberg-apotheke.at\/katalog\/produkt\/nicotinell-transdermales-pflaster-tts-20\/","title":{"rendered":"Nicotinell Transdermales Pflaster Tts 20"},"content":{"rendered":"<p>NICOTINELL\u00ae Transdermales Pflaster setzt bei Anwendung auf der Haut gleichm\u00e4\u00dfig Nikotin \u00fcber einen l\u00e4ngeren Zeitraum frei. W\u00e4hrend dieser Zeit sorgt Nicotinell f\u00fcr eine Schw\u00e4chung der Abgew\u00f6hnungssymptome.<\/p>\n","protected":false},"excerpt":{"rendered":"<p>NICOTINELL\u00ae Transdermales Pflaster setzt bei Anwendung auf der Haut gleichm\u00e4\u00dfig Nikotin \u00fcber einen l\u00e4ngeren Zeitraum frei. W\u00e4hrend dieser Zeit sorgt Nicotinell f\u00fcr eine Schw\u00e4chung der Abgew\u00f6hnungssymptome.<\/p>\n","protected":false},"featured_media":10690,"template":"","meta":{"_acf_changed":false},"product_brand":[],"product_cat":[310],"product_tag":[],"class_list":{"0":"post-10688","1":"product","2":"type-product","3":"status-publish","4":"has-post-thumbnail","6":"product_cat-n","7":"pa_packungsgroesse-28-stueck","8":"pa_packungsgroesse-7-stueck","10":"first","11":"instock","12":"shipping-taxable","13":"purchasable","14":"product-type-simple"},"acf":[],"_links":{"self":[{"href":"https:\/\/www.hirtenberg-apotheke.at\/katalog\/wp-json\/wp\/v2\/product\/10688","targetHints":{"allow":["GET"]}}],"collection":[{"href":"https:\/\/www.hirtenberg-apotheke.at\/katalog\/wp-json\/wp\/v2\/product"}],"about":[{"href":"https:\/\/www.hirtenberg-apotheke.at\/katalog\/wp-json\/wp\/v2\/types\/product"}],"wp:featuredmedia":[{"embeddable":true,"href":"https:\/\/www.hirtenberg-apotheke.at\/katalog\/wp-json\/wp\/v2\/media\/10690"}],"wp:attachment":[{"href":"https:\/\/www.hirtenberg-apotheke.at\/katalog\/wp-json\/wp\/v2\/media?parent=10688"}],"wp:term":[{"taxonomy":"product_brand","embeddable":true,"href":"https:\/\/www.hirtenberg-apotheke.at\/katalog\/wp-json\/wp\/v2\/product_brand?post=10688"},{"taxonomy":"product_cat","embeddable":true,"href":"https:\/\/www.hirtenberg-apotheke.at\/katalog\/wp-json\/wp\/v2\/product_cat?post=10688"},{"taxonomy":"product_tag","embeddable":true,"href":"https:\/\/www.hirtenberg-apotheke.at\/katalog\/wp-json\/wp\/v2\/product_tag?post=10688"}],"curies":[{"name":"wp","href":"https:\/\/api.w.org\/{rel}","templated":true}]}}