{"id":107201,"date":"2025-12-03T09:57:54","date_gmt":"2025-12-03T08:57:54","guid":{"rendered":"https:\/\/www.hirtenberg-apotheke.at\/katalog\/produkt\/tg-soft-polsterschlauchverband-aus-baumwolle-und-elasthan-zur-polsterung-weich-und-hoch-dehnbarer-polsterschlauchverband-unter-stuetzverbaenden-ungebleicht-10m-rolle-groesse-m-fuer-unterschenkle\/"},"modified":"2025-12-03T09:58:04","modified_gmt":"2025-12-03T08:58:04","slug":"tg-soft-polsterschlauchverband-aus-baumwolle-und-elasthan-zur-polsterung-weich-und-hoch-dehnbarer-polsterschlauchverband-unter-stuetzverbaenden-ungebleicht-10m-rolle-groesse-m-fuer-unterschenkle","status":"publish","type":"product","link":"https:\/\/www.hirtenberg-apotheke.at\/katalog\/produkt\/tg-soft-polsterschlauchverband-aus-baumwolle-und-elasthan-zur-polsterung-weich-und-hoch-dehnbarer-polsterschlauchverband-unter-stuetzverbaenden-ungebleicht-10m-rolle-groesse-m-fuer-unterschenkle\/","title":{"rendered":"TG-soft Polsterschlauchverband &#8211; aus Baumwolle und Elasthan zur Polsterung, weich und hoch dehnbarer Polsterschlauchverband unter St\u00fctzverb\u00e4nden, ungebleicht, 10m Rolle, Gr\u00f6\u00dfe M f\u00fcr Unterschenkle\/Arm, 9cm"},"content":{"rendered":"","protected":false},"excerpt":{"rendered":"","protected":false},"featured_media":0,"template":"","meta":{"_acf_changed":false},"product_brand":[],"product_cat":[319],"product_tag":[],"class_list":{"0":"post-107201","1":"product","2":"type-product","3":"status-publish","5":"product_cat-t","6":"pa_packungsgroesse-1307","8":"first","9":"instock","10":"shipping-taxable","11":"purchasable","12":"product-type-simple"},"acf":[],"_links":{"self":[{"href":"https:\/\/www.hirtenberg-apotheke.at\/katalog\/wp-json\/wp\/v2\/product\/107201","targetHints":{"allow":["GET"]}}],"collection":[{"href":"https:\/\/www.hirtenberg-apotheke.at\/katalog\/wp-json\/wp\/v2\/product"}],"about":[{"href":"https:\/\/www.hirtenberg-apotheke.at\/katalog\/wp-json\/wp\/v2\/types\/product"}],"wp:attachment":[{"href":"https:\/\/www.hirtenberg-apotheke.at\/katalog\/wp-json\/wp\/v2\/media?parent=107201"}],"wp:term":[{"taxonomy":"product_brand","embeddable":true,"href":"https:\/\/www.hirtenberg-apotheke.at\/katalog\/wp-json\/wp\/v2\/product_brand?post=107201"},{"taxonomy":"product_cat","embeddable":true,"href":"https:\/\/www.hirtenberg-apotheke.at\/katalog\/wp-json\/wp\/v2\/product_cat?post=107201"},{"taxonomy":"product_tag","embeddable":true,"href":"https:\/\/www.hirtenberg-apotheke.at\/katalog\/wp-json\/wp\/v2\/product_tag?post=107201"}],"curies":[{"name":"wp","href":"https:\/\/api.w.org\/{rel}","templated":true}]}}