{"id":107634,"date":"2025-12-03T10:36:01","date_gmt":"2025-12-03T09:36:01","guid":{"rendered":"https:\/\/www.hirtenberg-apotheke.at\/katalog\/produkt\/vichy-mineralblend-fluid-09-agate-30-ml\/"},"modified":"2025-12-03T10:36:25","modified_gmt":"2025-12-03T09:36:25","slug":"vichy-mineralblend-fluid-09-agate-30-ml","status":"publish","type":"product","link":"https:\/\/www.hirtenberg-apotheke.at\/katalog\/produkt\/vichy-mineralblend-fluid-09-agate-30-ml\/","title":{"rendered":"VICHY Mineralblend Fluid 09 Agate 30 ml"},"content":{"rendered":"<p>VICHY Mineralblend Fluid 09 Agate ist ein ultra-leichtes Make-up-Fluid mit Hyaluron. Feuchtigkeitsspendend wie eine Pflege. Die atmungsaktive Min\u00e9ralblend-Formel enth\u00e4lt Aktiv-Wirkstoffe wie nat\u00fcrliches Hyaluron, gereinigte Mineralpigmente und Vulkanischem Wasser von Vichy, die die Haut sofort mit Feuchtigkeit versorgen und pflegen. Die Make-up Textur verschmilzt beim Auftragen sofort mit der Haut. Dabei ist das Make-up Fluid atmungsaktiv und schenkt 16 Stunden lang einen nat\u00fcrlich, strahlenden Teint. Tag f\u00fcr Tag wirkt die Haut so frischer. F\u00fcr ein nat\u00fcrlich strahlendes Ergebnis<\/p>\n","protected":false},"excerpt":{"rendered":"<p>VICHY Mineralblend Fluid 09 Agate ist ein ultra-leichtes Make-up-Fluid mit Hyaluron. Feuchtigkeitsspendend wie eine Pflege. Die atmungsaktive Min\u00e9ralblend-Formel enth\u00e4lt Aktiv-Wirkstoffe wie nat\u00fcrliches Hyaluron, gereinigte Mineralpigmente und Vulkanischem Wasser von Vichy, die die Haut sofort mit Feuchtigkeit versorgen und pflegen. Die Make-up Textur verschmilzt beim Auftragen sofort mit der Haut. Dabei ist das Make-up Fluid atmungsaktiv [&hellip;]<\/p>\n","protected":false},"featured_media":107636,"template":"","meta":{"_acf_changed":false},"product_brand":[691],"product_cat":[300],"product_tag":[],"class_list":{"0":"post-107634","1":"product","2":"type-product","3":"status-publish","4":"has-post-thumbnail","6":"product_brand-vichy","7":"product_cat-v","8":"pa_packungsgroesse-30ml","10":"first","11":"instock","12":"shipping-taxable","13":"purchasable","14":"product-type-simple"},"acf":[],"_links":{"self":[{"href":"https:\/\/www.hirtenberg-apotheke.at\/katalog\/wp-json\/wp\/v2\/product\/107634","targetHints":{"allow":["GET"]}}],"collection":[{"href":"https:\/\/www.hirtenberg-apotheke.at\/katalog\/wp-json\/wp\/v2\/product"}],"about":[{"href":"https:\/\/www.hirtenberg-apotheke.at\/katalog\/wp-json\/wp\/v2\/types\/product"}],"wp:featuredmedia":[{"embeddable":true,"href":"https:\/\/www.hirtenberg-apotheke.at\/katalog\/wp-json\/wp\/v2\/media\/107636"}],"wp:attachment":[{"href":"https:\/\/www.hirtenberg-apotheke.at\/katalog\/wp-json\/wp\/v2\/media?parent=107634"}],"wp:term":[{"taxonomy":"product_brand","embeddable":true,"href":"https:\/\/www.hirtenberg-apotheke.at\/katalog\/wp-json\/wp\/v2\/product_brand?post=107634"},{"taxonomy":"product_cat","embeddable":true,"href":"https:\/\/www.hirtenberg-apotheke.at\/katalog\/wp-json\/wp\/v2\/product_cat?post=107634"},{"taxonomy":"product_tag","embeddable":true,"href":"https:\/\/www.hirtenberg-apotheke.at\/katalog\/wp-json\/wp\/v2\/product_tag?post=107634"}],"curies":[{"name":"wp","href":"https:\/\/api.w.org\/{rel}","templated":true}]}}