{"id":108610,"date":"2025-12-03T11:05:54","date_gmt":"2025-12-03T10:05:54","guid":{"rendered":"https:\/\/www.hirtenberg-apotheke.at\/katalog\/produkt\/vollkraft-agar-agar-50-g\/"},"modified":"2025-12-03T11:06:01","modified_gmt":"2025-12-03T10:06:01","slug":"vollkraft-agar-agar-50-g","status":"publish","type":"product","link":"https:\/\/www.hirtenberg-apotheke.at\/katalog\/produkt\/vollkraft-agar-agar-50-g\/","title":{"rendered":"Vollkraft Agar Agar 50 g"},"content":{"rendered":"<p>Vollkraft Agar Agar ist ein nat\u00fcrliches Gelier- und Verdickungsmittel aus Rotalgen. Schon eine Konzentration von 1%, aufgel\u00f6st in hei\u00dfem Wasser, reicht f\u00fcr ein gutes Gel, ein halber Teel\u00f6ffel entsprechen damit ca. 4 Blatt Gelatine.<\/p>\n","protected":false},"excerpt":{"rendered":"<p>Vollkraft Agar Agar ist ein nat\u00fcrliches Gelier- und Verdickungsmittel aus Rotalgen. Schon eine Konzentration von 1%, aufgel\u00f6st in hei\u00dfem Wasser, reicht f\u00fcr ein gutes Gel, ein halber Teel\u00f6ffel entsprechen damit ca. 4 Blatt Gelatine.<\/p>\n","protected":false},"featured_media":108612,"template":"","meta":{"_acf_changed":false},"product_brand":[860],"product_cat":[300],"product_tag":[],"class_list":{"0":"post-108610","1":"product","2":"type-product","3":"status-publish","4":"has-post-thumbnail","6":"product_brand-vollkraft","7":"product_cat-v","8":"pa_packungsgroesse-50g","10":"first","11":"instock","12":"shipping-taxable","13":"purchasable","14":"product-type-simple"},"acf":[],"_links":{"self":[{"href":"https:\/\/www.hirtenberg-apotheke.at\/katalog\/wp-json\/wp\/v2\/product\/108610","targetHints":{"allow":["GET"]}}],"collection":[{"href":"https:\/\/www.hirtenberg-apotheke.at\/katalog\/wp-json\/wp\/v2\/product"}],"about":[{"href":"https:\/\/www.hirtenberg-apotheke.at\/katalog\/wp-json\/wp\/v2\/types\/product"}],"wp:featuredmedia":[{"embeddable":true,"href":"https:\/\/www.hirtenberg-apotheke.at\/katalog\/wp-json\/wp\/v2\/media\/108612"}],"wp:attachment":[{"href":"https:\/\/www.hirtenberg-apotheke.at\/katalog\/wp-json\/wp\/v2\/media?parent=108610"}],"wp:term":[{"taxonomy":"product_brand","embeddable":true,"href":"https:\/\/www.hirtenberg-apotheke.at\/katalog\/wp-json\/wp\/v2\/product_brand?post=108610"},{"taxonomy":"product_cat","embeddable":true,"href":"https:\/\/www.hirtenberg-apotheke.at\/katalog\/wp-json\/wp\/v2\/product_cat?post=108610"},{"taxonomy":"product_tag","embeddable":true,"href":"https:\/\/www.hirtenberg-apotheke.at\/katalog\/wp-json\/wp\/v2\/product_tag?post=108610"}],"curies":[{"name":"wp","href":"https:\/\/api.w.org\/{rel}","templated":true}]}}