{"id":108716,"date":"2025-12-03T11:42:34","date_gmt":"2025-12-03T10:42:34","guid":{"rendered":"https:\/\/www.hirtenberg-apotheke.at\/katalog\/produkt\/wald-wiese-honigbaerchen-150-g\/"},"modified":"2025-12-03T11:42:37","modified_gmt":"2025-12-03T10:42:37","slug":"wald-wiese-honigbaerchen-150-g","status":"publish","type":"product","link":"https:\/\/www.hirtenberg-apotheke.at\/katalog\/produkt\/wald-wiese-honigbaerchen-150-g\/","title":{"rendered":"Wald &#038; Wiese Honigb\u00e4rchen 150 g"},"content":{"rendered":"<p>Wald &#038; Wiese Honigb\u00e4rchen: Honigb\u00e4rchen mit Wald&#038;Wiesenhonig und 10 wichtigen Vitaminen, ohne Farbstoffe, ein Naturprodukt aus \u00d6sterreich. Die besten Honige von Wald &#038; Wiese geben den Honigb\u00e4rchen ihren feinen Geschmack<\/p>\n","protected":false},"excerpt":{"rendered":"<p>Wald &#038; Wiese Honigb\u00e4rchen: Honigb\u00e4rchen mit Wald&#038;Wiesenhonig und 10 wichtigen Vitaminen, ohne Farbstoffe, ein Naturprodukt aus \u00d6sterreich. Die besten Honige von Wald &#038; Wiese geben den Honigb\u00e4rchen ihren feinen Geschmack<\/p>\n","protected":false},"featured_media":108718,"template":"","meta":{"_acf_changed":false},"product_brand":[],"product_cat":[368],"product_tag":[],"class_list":{"0":"post-108716","1":"product","2":"type-product","3":"status-publish","4":"has-post-thumbnail","6":"product_cat-w","7":"pa_packungsgroesse-150g","9":"first","10":"instock","11":"shipping-taxable","12":"purchasable","13":"product-type-simple"},"acf":[],"_links":{"self":[{"href":"https:\/\/www.hirtenberg-apotheke.at\/katalog\/wp-json\/wp\/v2\/product\/108716","targetHints":{"allow":["GET"]}}],"collection":[{"href":"https:\/\/www.hirtenberg-apotheke.at\/katalog\/wp-json\/wp\/v2\/product"}],"about":[{"href":"https:\/\/www.hirtenberg-apotheke.at\/katalog\/wp-json\/wp\/v2\/types\/product"}],"wp:featuredmedia":[{"embeddable":true,"href":"https:\/\/www.hirtenberg-apotheke.at\/katalog\/wp-json\/wp\/v2\/media\/108718"}],"wp:attachment":[{"href":"https:\/\/www.hirtenberg-apotheke.at\/katalog\/wp-json\/wp\/v2\/media?parent=108716"}],"wp:term":[{"taxonomy":"product_brand","embeddable":true,"href":"https:\/\/www.hirtenberg-apotheke.at\/katalog\/wp-json\/wp\/v2\/product_brand?post=108716"},{"taxonomy":"product_cat","embeddable":true,"href":"https:\/\/www.hirtenberg-apotheke.at\/katalog\/wp-json\/wp\/v2\/product_cat?post=108716"},{"taxonomy":"product_tag","embeddable":true,"href":"https:\/\/www.hirtenberg-apotheke.at\/katalog\/wp-json\/wp\/v2\/product_tag?post=108716"}],"curies":[{"name":"wp","href":"https:\/\/api.w.org\/{rel}","templated":true}]}}