{"id":108769,"date":"2025-12-03T11:44:34","date_gmt":"2025-12-03T10:44:34","guid":{"rendered":"https:\/\/www.hirtenberg-apotheke.at\/katalog\/produkt\/weleda-inspire-schoenheitsdusche-granatapfel-20-ml\/"},"modified":"2025-12-03T11:44:38","modified_gmt":"2025-12-03T10:44:38","slug":"weleda-inspire-schoenheitsdusche-granatapfel-20-ml","status":"publish","type":"product","link":"https:\/\/www.hirtenberg-apotheke.at\/katalog\/produkt\/weleda-inspire-schoenheitsdusche-granatapfel-20-ml\/","title":{"rendered":"Weleda Inspire &#8211; Sch\u00f6nheitsdusche Granatapfel 20 ml"},"content":{"rendered":"<p>Bringen Sie mit der neuen Weleda Granatapfel-Sch\u00f6nheitsdusche Ihre innere und \u00e4u\u00dfere Sch\u00f6nheit in Einklang, w\u00e4hrend der sinnlich-feminine Duft von Sandelholz, Davana, Neroli und Blutorange inspiriert und ausgleichend auf K\u00f6rper, Geist und Seele wirkt.<\/p>\n","protected":false},"excerpt":{"rendered":"<p>Bringen Sie mit der neuen Weleda Granatapfel-Sch\u00f6nheitsdusche Ihre innere und \u00e4u\u00dfere Sch\u00f6nheit in Einklang, w\u00e4hrend der sinnlich-feminine Duft von Sandelholz, Davana, Neroli und Blutorange inspiriert und ausgleichend auf K\u00f6rper, Geist und Seele wirkt.<\/p>\n","protected":false},"featured_media":108771,"template":"","meta":{"_acf_changed":false},"product_brand":[554],"product_cat":[368],"product_tag":[],"class_list":{"0":"post-108769","1":"product","2":"type-product","3":"status-publish","4":"has-post-thumbnail","6":"product_brand-weleda","7":"product_cat-w","8":"pa_packungsgroesse-20ml","10":"first","11":"instock","12":"shipping-taxable","13":"purchasable","14":"product-type-simple"},"acf":[],"_links":{"self":[{"href":"https:\/\/www.hirtenberg-apotheke.at\/katalog\/wp-json\/wp\/v2\/product\/108769","targetHints":{"allow":["GET"]}}],"collection":[{"href":"https:\/\/www.hirtenberg-apotheke.at\/katalog\/wp-json\/wp\/v2\/product"}],"about":[{"href":"https:\/\/www.hirtenberg-apotheke.at\/katalog\/wp-json\/wp\/v2\/types\/product"}],"wp:featuredmedia":[{"embeddable":true,"href":"https:\/\/www.hirtenberg-apotheke.at\/katalog\/wp-json\/wp\/v2\/media\/108771"}],"wp:attachment":[{"href":"https:\/\/www.hirtenberg-apotheke.at\/katalog\/wp-json\/wp\/v2\/media?parent=108769"}],"wp:term":[{"taxonomy":"product_brand","embeddable":true,"href":"https:\/\/www.hirtenberg-apotheke.at\/katalog\/wp-json\/wp\/v2\/product_brand?post=108769"},{"taxonomy":"product_cat","embeddable":true,"href":"https:\/\/www.hirtenberg-apotheke.at\/katalog\/wp-json\/wp\/v2\/product_cat?post=108769"},{"taxonomy":"product_tag","embeddable":true,"href":"https:\/\/www.hirtenberg-apotheke.at\/katalog\/wp-json\/wp\/v2\/product_tag?post=108769"}],"curies":[{"name":"wp","href":"https:\/\/api.w.org\/{rel}","templated":true}]}}