{"id":109074,"date":"2025-12-03T11:53:51","date_gmt":"2025-12-03T10:53:51","guid":{"rendered":"https:\/\/www.hirtenberg-apotheke.at\/katalog\/produkt\/yogi-tee-schoko\/"},"modified":"2025-12-03T11:53:56","modified_gmt":"2025-12-03T10:53:56","slug":"yogi-tee-schoko","status":"publish","type":"product","link":"https:\/\/www.hirtenberg-apotheke.at\/katalog\/produkt\/yogi-tee-schoko\/","title":{"rendered":"Yogi Tee Schoko"},"content":{"rendered":"<p>Yogi Tee Schoko enth\u00e4lt Kakaoschalen, welche ein wundervolles Schokoladen-Aroma verstr\u00f6men und sich mit den traditionellen Yogi Tee-Gew\u00fcrzen zu einer geradezu paradiesischen Teemischung verbinden. Am besten leicht ges\u00fc\u00dft und mit einem Schu\u00df Milch oder Milchersatz genie\u00dfen.<\/p>\n","protected":false},"excerpt":{"rendered":"<p>Yogi Tee Schoko enth\u00e4lt Kakaoschalen, welche ein wundervolles Schokoladen-Aroma verstr\u00f6men und sich mit den traditionellen Yogi Tee-Gew\u00fcrzen zu einer geradezu paradiesischen Teemischung verbinden. Am besten leicht ges\u00fc\u00dft und mit einem Schu\u00df Milch oder Milchersatz genie\u00dfen.<\/p>\n","protected":false},"featured_media":109076,"template":"","meta":{"_acf_changed":false},"product_brand":[1494],"product_cat":[615],"product_tag":[],"class_list":{"0":"post-109074","1":"product","2":"type-product","3":"status-publish","4":"has-post-thumbnail","6":"product_brand-yogi-tee","7":"product_cat-y","8":"pa_packungsgroesse-482","10":"first","11":"instock","12":"shipping-taxable","13":"purchasable","14":"product-type-simple"},"acf":[],"_links":{"self":[{"href":"https:\/\/www.hirtenberg-apotheke.at\/katalog\/wp-json\/wp\/v2\/product\/109074","targetHints":{"allow":["GET"]}}],"collection":[{"href":"https:\/\/www.hirtenberg-apotheke.at\/katalog\/wp-json\/wp\/v2\/product"}],"about":[{"href":"https:\/\/www.hirtenberg-apotheke.at\/katalog\/wp-json\/wp\/v2\/types\/product"}],"wp:featuredmedia":[{"embeddable":true,"href":"https:\/\/www.hirtenberg-apotheke.at\/katalog\/wp-json\/wp\/v2\/media\/109076"}],"wp:attachment":[{"href":"https:\/\/www.hirtenberg-apotheke.at\/katalog\/wp-json\/wp\/v2\/media?parent=109074"}],"wp:term":[{"taxonomy":"product_brand","embeddable":true,"href":"https:\/\/www.hirtenberg-apotheke.at\/katalog\/wp-json\/wp\/v2\/product_brand?post=109074"},{"taxonomy":"product_cat","embeddable":true,"href":"https:\/\/www.hirtenberg-apotheke.at\/katalog\/wp-json\/wp\/v2\/product_cat?post=109074"},{"taxonomy":"product_tag","embeddable":true,"href":"https:\/\/www.hirtenberg-apotheke.at\/katalog\/wp-json\/wp\/v2\/product_tag?post=109074"}],"curies":[{"name":"wp","href":"https:\/\/api.w.org\/{rel}","templated":true}]}}