{"id":110109,"date":"2025-12-03T12:20:55","date_gmt":"2025-12-03T11:20:55","guid":{"rendered":"https:\/\/www.hirtenberg-apotheke.at\/katalog\/produkt\/nicapur-familyvit-liquid-250-ml\/"},"modified":"2025-12-03T12:21:28","modified_gmt":"2025-12-03T11:21:28","slug":"nicapur-familyvit-liquid-250-ml","status":"publish","type":"product","link":"https:\/\/www.hirtenberg-apotheke.at\/katalog\/produkt\/nicapur-familyvit-liquid-250-ml\/","title":{"rendered":"Nicapur FamilyVit liquid 250 ml"},"content":{"rendered":"<p>Nicapur FamilyVit liquid ist ein Nahrungserg\u00e4nzungsmittel mit S\u00fc\u00dfungsmittel sowie wertvollen Vitaminen, Mineralstoffen und Spurenelementen in ausgewogener Zusammensetzung f\u00fcr die ganze Familie.<\/p>\n","protected":false},"excerpt":{"rendered":"<p>Nicapur FamilyVit liquid ist ein Nahrungserg\u00e4nzungsmittel mit S\u00fc\u00dfungsmittel sowie wertvollen Vitaminen, Mineralstoffen und Spurenelementen in ausgewogener Zusammensetzung f\u00fcr die ganze Familie.<\/p>\n","protected":false},"featured_media":110111,"template":"","meta":{"_acf_changed":false},"product_brand":[309],"product_cat":[310],"product_tag":[],"class_list":{"0":"post-110109","1":"product","2":"type-product","3":"status-publish","4":"has-post-thumbnail","6":"product_brand-nicapur","7":"product_cat-n","8":"pa_packungsgroesse-250ml","10":"first","11":"instock","12":"shipping-taxable","13":"purchasable","14":"product-type-simple"},"acf":[],"_links":{"self":[{"href":"https:\/\/www.hirtenberg-apotheke.at\/katalog\/wp-json\/wp\/v2\/product\/110109","targetHints":{"allow":["GET"]}}],"collection":[{"href":"https:\/\/www.hirtenberg-apotheke.at\/katalog\/wp-json\/wp\/v2\/product"}],"about":[{"href":"https:\/\/www.hirtenberg-apotheke.at\/katalog\/wp-json\/wp\/v2\/types\/product"}],"wp:featuredmedia":[{"embeddable":true,"href":"https:\/\/www.hirtenberg-apotheke.at\/katalog\/wp-json\/wp\/v2\/media\/110111"}],"wp:attachment":[{"href":"https:\/\/www.hirtenberg-apotheke.at\/katalog\/wp-json\/wp\/v2\/media?parent=110109"}],"wp:term":[{"taxonomy":"product_brand","embeddable":true,"href":"https:\/\/www.hirtenberg-apotheke.at\/katalog\/wp-json\/wp\/v2\/product_brand?post=110109"},{"taxonomy":"product_cat","embeddable":true,"href":"https:\/\/www.hirtenberg-apotheke.at\/katalog\/wp-json\/wp\/v2\/product_cat?post=110109"},{"taxonomy":"product_tag","embeddable":true,"href":"https:\/\/www.hirtenberg-apotheke.at\/katalog\/wp-json\/wp\/v2\/product_tag?post=110109"}],"curies":[{"name":"wp","href":"https:\/\/api.w.org\/{rel}","templated":true}]}}