{"id":11100,"date":"2025-11-25T14:20:21","date_gmt":"2025-11-25T13:20:21","guid":{"rendered":"https:\/\/www.hirtenberg-apotheke.at\/katalog\/produkt\/lutamax-20mg-kapseln-2\/"},"modified":"2025-11-25T14:21:06","modified_gmt":"2025-11-25T13:21:06","slug":"lutamax-20mg-kapseln-2","status":"publish","type":"product","link":"https:\/\/www.hirtenberg-apotheke.at\/katalog\/produkt\/lutamax-20mg-kapseln-2\/","title":{"rendered":"Lutamax 20mg Kapseln"},"content":{"rendered":"<p>Lutamax ist ein spezielles di\u00e4tetisches Mittel zur Behandlung von altersbedingter Makuladegeneration (AMD). Die Einnahme wird in allen Phasen der AMD, auch in den Sp\u00e4tphasen, empfohlen. Lutamax enth\u00e4lt den essentiellen N\u00e4hrstoff Lute- in. Beim Menschen wird Lutein in die Sehzellen der Netzhaut eingelagert. Es filtert dort das besonders energiereiche, blaue Licht und sch\u00fctzt dadurch die Sehzellen vor m\u00f6glichen Lichtsch\u00e4den. Lutein hat daher die Funktion einer \u201enat\u00fcrlichen Sonnenbrille\u201c f\u00fcr das Auge.<\/p>\n","protected":false},"excerpt":{"rendered":"<p>Lutamax ist ein spezielles di\u00e4tetisches Mittel zur Behandlung von altersbedingter Makuladegeneration (AMD). Die Einnahme wird in allen Phasen der AMD, auch in den Sp\u00e4tphasen, empfohlen. Lutamax enth\u00e4lt den essentiellen N\u00e4hrstoff Lute- in. Beim Menschen wird Lutein in die Sehzellen der Netzhaut eingelagert. Es filtert dort das besonders energiereiche, blaue Licht und sch\u00fctzt dadurch die Sehzellen [&hellip;]<\/p>\n","protected":false},"featured_media":11102,"template":"","meta":{"_acf_changed":false},"product_brand":[],"product_cat":[317],"product_tag":[],"class_list":{"0":"post-11100","1":"product","2":"type-product","3":"status-publish","4":"has-post-thumbnail","6":"product_cat-l","7":"pa_packungsgroesse-30-stueck","9":"first","10":"instock","11":"shipping-taxable","12":"purchasable","13":"product-type-simple"},"acf":[],"_links":{"self":[{"href":"https:\/\/www.hirtenberg-apotheke.at\/katalog\/wp-json\/wp\/v2\/product\/11100","targetHints":{"allow":["GET"]}}],"collection":[{"href":"https:\/\/www.hirtenberg-apotheke.at\/katalog\/wp-json\/wp\/v2\/product"}],"about":[{"href":"https:\/\/www.hirtenberg-apotheke.at\/katalog\/wp-json\/wp\/v2\/types\/product"}],"wp:featuredmedia":[{"embeddable":true,"href":"https:\/\/www.hirtenberg-apotheke.at\/katalog\/wp-json\/wp\/v2\/media\/11102"}],"wp:attachment":[{"href":"https:\/\/www.hirtenberg-apotheke.at\/katalog\/wp-json\/wp\/v2\/media?parent=11100"}],"wp:term":[{"taxonomy":"product_brand","embeddable":true,"href":"https:\/\/www.hirtenberg-apotheke.at\/katalog\/wp-json\/wp\/v2\/product_brand?post=11100"},{"taxonomy":"product_cat","embeddable":true,"href":"https:\/\/www.hirtenberg-apotheke.at\/katalog\/wp-json\/wp\/v2\/product_cat?post=11100"},{"taxonomy":"product_tag","embeddable":true,"href":"https:\/\/www.hirtenberg-apotheke.at\/katalog\/wp-json\/wp\/v2\/product_tag?post=11100"}],"curies":[{"name":"wp","href":"https:\/\/api.w.org\/{rel}","templated":true}]}}