{"id":111448,"date":"2025-12-03T12:55:14","date_gmt":"2025-12-03T11:55:14","guid":{"rendered":"https:\/\/www.hirtenberg-apotheke.at\/katalog\/produkt\/espara-dentofit-kapseln-60-stk\/"},"modified":"2025-12-03T12:55:46","modified_gmt":"2025-12-03T11:55:46","slug":"espara-dentofit-kapseln-60-stk","status":"publish","type":"product","link":"https:\/\/www.hirtenberg-apotheke.at\/katalog\/produkt\/espara-dentofit-kapseln-60-stk\/","title":{"rendered":"Espara Dentofit Kapseln 60 Stk"},"content":{"rendered":"<p>Nahrungserg\u00e4nzungsmittel mit den Aminos\u00e4uren Lysin und Prolin in Kombination mitVitaminen, dem Mineralstoff Zink und Co-Enzym Q10. Vitamin C tr\u00e4gt zur normalenKollagenbildung f\u00fcr eine normale Funktion der Z\u00e4hne bei.<\/p>\n","protected":false},"excerpt":{"rendered":"<p>Nahrungserg\u00e4nzungsmittel mit den Aminos\u00e4uren Lysin und Prolin in Kombination mitVitaminen, dem Mineralstoff Zink und Co-Enzym Q10. Vitamin C tr\u00e4gt zur normalenKollagenbildung f\u00fcr eine normale Funktion der Z\u00e4hne bei.<\/p>\n","protected":false},"featured_media":111450,"template":"","meta":{"_acf_changed":false},"product_brand":[341],"product_cat":[307],"product_tag":[],"class_list":{"0":"post-111448","1":"product","2":"type-product","3":"status-publish","4":"has-post-thumbnail","6":"product_brand-espara","7":"product_cat-e","8":"pa_packungsgroesse-60-stueck","10":"first","11":"instock","12":"shipping-taxable","13":"purchasable","14":"product-type-simple"},"acf":[],"_links":{"self":[{"href":"https:\/\/www.hirtenberg-apotheke.at\/katalog\/wp-json\/wp\/v2\/product\/111448","targetHints":{"allow":["GET"]}}],"collection":[{"href":"https:\/\/www.hirtenberg-apotheke.at\/katalog\/wp-json\/wp\/v2\/product"}],"about":[{"href":"https:\/\/www.hirtenberg-apotheke.at\/katalog\/wp-json\/wp\/v2\/types\/product"}],"wp:featuredmedia":[{"embeddable":true,"href":"https:\/\/www.hirtenberg-apotheke.at\/katalog\/wp-json\/wp\/v2\/media\/111450"}],"wp:attachment":[{"href":"https:\/\/www.hirtenberg-apotheke.at\/katalog\/wp-json\/wp\/v2\/media?parent=111448"}],"wp:term":[{"taxonomy":"product_brand","embeddable":true,"href":"https:\/\/www.hirtenberg-apotheke.at\/katalog\/wp-json\/wp\/v2\/product_brand?post=111448"},{"taxonomy":"product_cat","embeddable":true,"href":"https:\/\/www.hirtenberg-apotheke.at\/katalog\/wp-json\/wp\/v2\/product_cat?post=111448"},{"taxonomy":"product_tag","embeddable":true,"href":"https:\/\/www.hirtenberg-apotheke.at\/katalog\/wp-json\/wp\/v2\/product_tag?post=111448"}],"curies":[{"name":"wp","href":"https:\/\/api.w.org\/{rel}","templated":true}]}}