{"id":111531,"date":"2025-12-03T12:58:20","date_gmt":"2025-12-03T11:58:20","guid":{"rendered":"https:\/\/www.hirtenberg-apotheke.at\/katalog\/produkt\/kiweno-eisen-schnelltest-1-stk\/"},"modified":"2025-12-03T12:58:34","modified_gmt":"2025-12-03T11:58:34","slug":"kiweno-eisen-schnelltest-1-stk","status":"publish","type":"product","link":"https:\/\/www.hirtenberg-apotheke.at\/katalog\/produkt\/kiweno-eisen-schnelltest-1-stk\/","title":{"rendered":"Kiweno Eisen Schnelltest 1 Stk."},"content":{"rendered":"<p>Eisen Schnelltest&#13;<br \/>\n&#13;<br \/>\nMach dein Smartphone zum Labor! Der kiweno Ferritin schnelltest hilft dir dabei, deinen Speichereisen-Wert im Blick zu behalten und einen Eisenmangel m\u00f6glichst fr\u00fch zu erkennen.&#13;<br \/>\n&#13;<br \/>\n&#13;<br \/>\nWAS?&#13;<br \/>\n&#13;<br \/>\nDein Ferritin-Wert (auch Speichereisen-Wert genannt) in Laborqualit\u00e4t, mit nur wenigen Tropfen Blut.&#13;<br \/>\nDer kiweno Ferritin schnelltest ist ein Test f\u00fcr die quantitative immunologische Bestimmung von Ferritin in Kapillarblut. Ferritin speichert Eisen und wird deshalb als Eisenspeichereiwei\u00df bezeichnet. Misst man den Ferritinwert, handelt es sich somit um einen Langzeitwert, der Auskunft \u00fcber die Eisenversorgung der letzten Wochen geben kann.&#13;<br \/>\n&#13;<br \/>\n&#13;<br \/>\nWIE?&#13;<br \/>\n&#13;<br \/>\nQuantitative Bestimmung von Ferritin in Kapillarblut mit Schnelltest Abh\u00e4ngig von deiner Ferritin-Konzentration im Blut reagiert der Farbstreifen auf der Testkassette. Mit der kiweno Ferritin App liest deine Smartphone-Kamera den Farbstreifen ein und liefert dir in&#13;<br \/>\n15 Minuten deinen genauen Wert. Zertifiziertes Testverfahren. Mit einem akkreditierten deutschen Labor entwickelt.&#13;<br \/>\n&#13;<br \/>\n&#13;<br \/>\nWOF\u00dcR?&#13;<br \/>\n&#13;<br \/>\n\u25cf Exakte Messung der aktuellen N\u00e4hrstoffversorgung&#13;<br \/>\n\u25cf Mangel erkennen&#13;<br \/>\n\u25cf Gesundheit in die eigene Hand nehmen&#13;<br \/>\n\u25cf Quantitatives Ergebnis nach 15 Minuten in der kiweno Ferritin-App ersichtlich&#13;<br \/>\n&#13;<br \/>\n&#13;<br \/>\nDAS TEST-SET BEINHALTET:&#13;<br \/>\n&#13;<br \/>\n\u25cf 1 Testkassette&#13;<br \/>\n\u25cf 1 Kameratest-Karte&#13;<br \/>\n\u25cf 1 Testanleitung&#13;<br \/>\n\u25cf 1 Probenentnahme-Set mit: 1 Kapillare, 1 Pufferr\u00f6hrchen, 1 Lanzette, 1 Reinigungstuch, 1 Pflaster, Ersatzteile&#13;<br \/>\n&#13;<br \/>\n&#13;<br \/>\nZUS\u00c4TZLICH BEN\u00d6TIGT:&#13;<br \/>\n&#13;<br \/>\nSmartphone mit kiweno Ferritin-App&#13;<br \/>\n* Systemanforderungen unter: https:\/\/kiweno.com\/de\/p\/eisenmangel-testen-ferritin-schnelltest\/<\/p>\n","protected":false},"excerpt":{"rendered":"<p>Eisen Schnelltest&#13; &#13; Mach dein Smartphone zum Labor! Der kiweno Ferritin schnelltest hilft dir dabei, deinen Speichereisen-Wert im Blick zu behalten und einen Eisenmangel m\u00f6glichst fr\u00fch zu erkennen.&#13; &#13; &#13; WAS?&#13; &#13; Dein Ferritin-Wert (auch Speichereisen-Wert genannt) in Laborqualit\u00e4t, mit nur wenigen Tropfen Blut.&#13; Der kiweno Ferritin schnelltest ist ein Test f\u00fcr die quantitative immunologische [&hellip;]<\/p>\n","protected":false},"featured_media":111533,"template":"","meta":{"_acf_changed":false},"product_brand":[],"product_cat":[387],"product_tag":[],"class_list":{"0":"post-111531","1":"product","2":"type-product","3":"status-publish","4":"has-post-thumbnail","6":"product_cat-k","7":"pa_packungsgroesse-1-stueck","9":"first","10":"instock","11":"shipping-taxable","12":"purchasable","13":"product-type-simple"},"acf":[],"_links":{"self":[{"href":"https:\/\/www.hirtenberg-apotheke.at\/katalog\/wp-json\/wp\/v2\/product\/111531","targetHints":{"allow":["GET"]}}],"collection":[{"href":"https:\/\/www.hirtenberg-apotheke.at\/katalog\/wp-json\/wp\/v2\/product"}],"about":[{"href":"https:\/\/www.hirtenberg-apotheke.at\/katalog\/wp-json\/wp\/v2\/types\/product"}],"wp:featuredmedia":[{"embeddable":true,"href":"https:\/\/www.hirtenberg-apotheke.at\/katalog\/wp-json\/wp\/v2\/media\/111533"}],"wp:attachment":[{"href":"https:\/\/www.hirtenberg-apotheke.at\/katalog\/wp-json\/wp\/v2\/media?parent=111531"}],"wp:term":[{"taxonomy":"product_brand","embeddable":true,"href":"https:\/\/www.hirtenberg-apotheke.at\/katalog\/wp-json\/wp\/v2\/product_brand?post=111531"},{"taxonomy":"product_cat","embeddable":true,"href":"https:\/\/www.hirtenberg-apotheke.at\/katalog\/wp-json\/wp\/v2\/product_cat?post=111531"},{"taxonomy":"product_tag","embeddable":true,"href":"https:\/\/www.hirtenberg-apotheke.at\/katalog\/wp-json\/wp\/v2\/product_tag?post=111531"}],"curies":[{"name":"wp","href":"https:\/\/api.w.org\/{rel}","templated":true}]}}