{"id":111571,"date":"2025-12-03T12:59:41","date_gmt":"2025-12-03T11:59:41","guid":{"rendered":"https:\/\/www.hirtenberg-apotheke.at\/katalog\/produkt\/casida-oregano-oel-kapseln-60-stk\/"},"modified":"2025-12-03T13:00:07","modified_gmt":"2025-12-03T12:00:07","slug":"casida-oregano-oel-kapseln-60-stk","status":"publish","type":"product","link":"https:\/\/www.hirtenberg-apotheke.at\/katalog\/produkt\/casida-oregano-oel-kapseln-60-stk\/","title":{"rendered":"Casida Oregano \u00d6l Kapseln 60 Stk."},"content":{"rendered":"<p>Casida Oregano \u00d6l Kapseln 60 Stk. ist ein Nahrungserg\u00e4nzungsmittel mit nat\u00fcrlichem Oregano \u00d6l aus Griechenland.<\/p>\n","protected":false},"excerpt":{"rendered":"<p>Casida Oregano \u00d6l Kapseln 60 Stk. ist ein Nahrungserg\u00e4nzungsmittel mit nat\u00fcrlichem Oregano \u00d6l aus Griechenland.<\/p>\n","protected":false},"featured_media":111573,"template":"","meta":{"_acf_changed":false},"product_brand":[],"product_cat":[337],"product_tag":[],"class_list":{"0":"post-111571","1":"product","2":"type-product","3":"status-publish","4":"has-post-thumbnail","6":"product_cat-c","7":"pa_packungsgroesse-60-stueck","9":"first","10":"instock","11":"shipping-taxable","12":"purchasable","13":"product-type-simple"},"acf":[],"_links":{"self":[{"href":"https:\/\/www.hirtenberg-apotheke.at\/katalog\/wp-json\/wp\/v2\/product\/111571","targetHints":{"allow":["GET"]}}],"collection":[{"href":"https:\/\/www.hirtenberg-apotheke.at\/katalog\/wp-json\/wp\/v2\/product"}],"about":[{"href":"https:\/\/www.hirtenberg-apotheke.at\/katalog\/wp-json\/wp\/v2\/types\/product"}],"wp:featuredmedia":[{"embeddable":true,"href":"https:\/\/www.hirtenberg-apotheke.at\/katalog\/wp-json\/wp\/v2\/media\/111573"}],"wp:attachment":[{"href":"https:\/\/www.hirtenberg-apotheke.at\/katalog\/wp-json\/wp\/v2\/media?parent=111571"}],"wp:term":[{"taxonomy":"product_brand","embeddable":true,"href":"https:\/\/www.hirtenberg-apotheke.at\/katalog\/wp-json\/wp\/v2\/product_brand?post=111571"},{"taxonomy":"product_cat","embeddable":true,"href":"https:\/\/www.hirtenberg-apotheke.at\/katalog\/wp-json\/wp\/v2\/product_cat?post=111571"},{"taxonomy":"product_tag","embeddable":true,"href":"https:\/\/www.hirtenberg-apotheke.at\/katalog\/wp-json\/wp\/v2\/product_tag?post=111571"}],"curies":[{"name":"wp","href":"https:\/\/api.w.org\/{rel}","templated":true}]}}