{"id":111651,"date":"2025-12-03T13:02:24","date_gmt":"2025-12-03T12:02:24","guid":{"rendered":"https:\/\/www.hirtenberg-apotheke.at\/katalog\/produkt\/similasan-mund-und-halsentzuendungen-spray-15-ml\/"},"modified":"2025-12-03T13:02:28","modified_gmt":"2025-12-03T12:02:28","slug":"similasan-mund-und-halsentzuendungen-spray-15-ml","status":"publish","type":"product","link":"https:\/\/www.hirtenberg-apotheke.at\/katalog\/produkt\/similasan-mund-und-halsentzuendungen-spray-15-ml\/","title":{"rendered":"Similasan Mund- und Halsentz\u00fcndungen Spray 15 ml"},"content":{"rendered":"<p>Similasan Mund- und Halsentz\u00fcndungen Spray 15 ml wird bei akuten, schmerzhaften Entz\u00fcndungen im Mund und im Hals sowie bei Mundgeruch infolge Mund- und Halsentz\u00fcndungen angewendet. Die Inhaltsstoffe dieses hom\u00f6pathischen Produkts sind Arnica montana D6, Calendula officinalis D4, Guaiacum officinale D4, Mercurius sublimatus corrosivus D12 und Thuja occidentalis D6.<\/p>\n","protected":false},"excerpt":{"rendered":"<p>Similasan Mund- und Halsentz\u00fcndungen Spray 15 ml wird bei akuten, schmerzhaften Entz\u00fcndungen im Mund und im Hals sowie bei Mundgeruch infolge Mund- und Halsentz\u00fcndungen angewendet. Die Inhaltsstoffe dieses hom\u00f6pathischen Produkts sind Arnica montana D6, Calendula officinalis D4, Guaiacum officinale D4, Mercurius sublimatus corrosivus D12 und Thuja occidentalis D6.<\/p>\n","protected":false},"featured_media":111653,"template":"","meta":{"_acf_changed":false},"product_brand":[925],"product_cat":[303],"product_tag":[],"class_list":{"0":"post-111651","1":"product","2":"type-product","3":"status-publish","4":"has-post-thumbnail","6":"product_brand-similasan","7":"product_cat-s","8":"pa_packungsgroesse-15ml","10":"first","11":"instock","12":"shipping-taxable","13":"purchasable","14":"product-type-simple"},"acf":[],"_links":{"self":[{"href":"https:\/\/www.hirtenberg-apotheke.at\/katalog\/wp-json\/wp\/v2\/product\/111651","targetHints":{"allow":["GET"]}}],"collection":[{"href":"https:\/\/www.hirtenberg-apotheke.at\/katalog\/wp-json\/wp\/v2\/product"}],"about":[{"href":"https:\/\/www.hirtenberg-apotheke.at\/katalog\/wp-json\/wp\/v2\/types\/product"}],"wp:featuredmedia":[{"embeddable":true,"href":"https:\/\/www.hirtenberg-apotheke.at\/katalog\/wp-json\/wp\/v2\/media\/111653"}],"wp:attachment":[{"href":"https:\/\/www.hirtenberg-apotheke.at\/katalog\/wp-json\/wp\/v2\/media?parent=111651"}],"wp:term":[{"taxonomy":"product_brand","embeddable":true,"href":"https:\/\/www.hirtenberg-apotheke.at\/katalog\/wp-json\/wp\/v2\/product_brand?post=111651"},{"taxonomy":"product_cat","embeddable":true,"href":"https:\/\/www.hirtenberg-apotheke.at\/katalog\/wp-json\/wp\/v2\/product_cat?post=111651"},{"taxonomy":"product_tag","embeddable":true,"href":"https:\/\/www.hirtenberg-apotheke.at\/katalog\/wp-json\/wp\/v2\/product_tag?post=111651"}],"curies":[{"name":"wp","href":"https:\/\/api.w.org\/{rel}","templated":true}]}}