{"id":113344,"date":"2025-12-03T13:49:17","date_gmt":"2025-12-03T12:49:17","guid":{"rendered":"https:\/\/www.hirtenberg-apotheke.at\/katalog\/produkt\/gall-pharma-vitamin-b6-100-mg-kapseln-60-stk\/"},"modified":"2025-12-03T13:49:39","modified_gmt":"2025-12-03T12:49:39","slug":"gall-pharma-vitamin-b6-100-mg-kapseln-60-stk","status":"publish","type":"product","link":"https:\/\/www.hirtenberg-apotheke.at\/katalog\/produkt\/gall-pharma-vitamin-b6-100-mg-kapseln-60-stk\/","title":{"rendered":"Gall Pharma Vitamin B6 100 mg Kapseln 60 Stk."},"content":{"rendered":"<p>Vitamin B6 (Pyridoxin) geh\u00f6rt zur Gruppe der wasserl\u00f6slichen Vitamine. Es spielt als Bestandteil vieler Enzymsysteme eine sehr wichtige Rolle im Stoffwechsel, vor allem von Eiwei\u00df. Vitamin B6 kommt vor allem in Hefe, Getreidekeimen, Fleisch, Fisch und gr\u00fcnem Gem\u00fcse vor. Die Aufnahme von Vitamin B6 ist in der Altersgruppe der 20 \u2013 35 J\u00e4hrigen und bei Alkoholkranken oft unzureichend. Ebenfalls besteht ein gesteigerter Bedarf in der Schwangerschaft und bei chronischer Einnahme von Medikamenten (auch Kontrazeptiva). Auf Grund eines Mangels kann es zu Hautver\u00e4nderungen im Nasen- und Augenbereich, Entz\u00fcndungen im Mund und an den Lippen,Schlaflosigkeit, nerv\u00f6sen St\u00f6rungen und erh\u00f6hten Reizbarkeit kommen. Vitamin B6 spielt des Weiteren eine wichtige Rolle beim Eiwei\u00dfaufbau und im Aminos\u00e4urestoffwechsel. Vor allem bei verst\u00e4rkter Proteinzufuhr z.B. beim Bodybuilding, kann der Bedarf an Vitamin B6 ansteigen..<\/p>\n","protected":false},"excerpt":{"rendered":"<p>Vitamin B6 (Pyridoxin) geh\u00f6rt zur Gruppe der wasserl\u00f6slichen Vitamine. Es spielt als Bestandteil vieler Enzymsysteme eine sehr wichtige Rolle im Stoffwechsel, vor allem von Eiwei\u00df. Vitamin B6 kommt vor allem in Hefe, Getreidekeimen, Fleisch, Fisch und gr\u00fcnem Gem\u00fcse vor. Die Aufnahme von Vitamin B6 ist in der Altersgruppe der 20 \u2013 35 J\u00e4hrigen und bei [&hellip;]<\/p>\n","protected":false},"featured_media":113346,"template":"","meta":{"_acf_changed":false},"product_brand":[],"product_cat":[328],"product_tag":[],"class_list":{"0":"post-113344","1":"product","2":"type-product","3":"status-publish","4":"has-post-thumbnail","6":"product_cat-g","7":"pa_packungsgroesse-60-stueck","9":"first","10":"instock","11":"shipping-taxable","12":"purchasable","13":"product-type-simple"},"acf":[],"_links":{"self":[{"href":"https:\/\/www.hirtenberg-apotheke.at\/katalog\/wp-json\/wp\/v2\/product\/113344","targetHints":{"allow":["GET"]}}],"collection":[{"href":"https:\/\/www.hirtenberg-apotheke.at\/katalog\/wp-json\/wp\/v2\/product"}],"about":[{"href":"https:\/\/www.hirtenberg-apotheke.at\/katalog\/wp-json\/wp\/v2\/types\/product"}],"wp:featuredmedia":[{"embeddable":true,"href":"https:\/\/www.hirtenberg-apotheke.at\/katalog\/wp-json\/wp\/v2\/media\/113346"}],"wp:attachment":[{"href":"https:\/\/www.hirtenberg-apotheke.at\/katalog\/wp-json\/wp\/v2\/media?parent=113344"}],"wp:term":[{"taxonomy":"product_brand","embeddable":true,"href":"https:\/\/www.hirtenberg-apotheke.at\/katalog\/wp-json\/wp\/v2\/product_brand?post=113344"},{"taxonomy":"product_cat","embeddable":true,"href":"https:\/\/www.hirtenberg-apotheke.at\/katalog\/wp-json\/wp\/v2\/product_cat?post=113344"},{"taxonomy":"product_tag","embeddable":true,"href":"https:\/\/www.hirtenberg-apotheke.at\/katalog\/wp-json\/wp\/v2\/product_tag?post=113344"}],"curies":[{"name":"wp","href":"https:\/\/api.w.org\/{rel}","templated":true}]}}