{"id":113728,"date":"2025-12-03T14:10:14","date_gmt":"2025-12-03T13:10:14","guid":{"rendered":"https:\/\/www.hirtenberg-apotheke.at\/katalog\/produkt\/salvequick-pflasterspender-1-stk\/"},"modified":"2025-12-03T14:46:25","modified_gmt":"2025-12-03T13:46:25","slug":"salvequick-pflasterspender-1-stk","status":"publish","type":"product","link":"https:\/\/www.hirtenberg-apotheke.at\/katalog\/produkt\/salvequick-pflasterspender-1-stk\/","title":{"rendered":"SALVEQUICK Pflasterspender 1 Stk."},"content":{"rendered":"<p>SALVEQUICK, ein komplettes, leicht verwendbares Pflastersystem! Beim Cederroth Pflasterspender SALVEQUICK werden die Pflaster nach unten herausgezogen. Dadurch vermeidet man Verunreinigung der restlichen Pflaster und des Spenders durch Schmutz und Blut. Die Pflaster sind immer am richtigen Platz und jederzeit bereit zur Anwendung. Die Refill-Eins\u00e4tze sind arretiert, wodurch Schwund vermieden wird. Die transparente Klappe des Spenders h\u00e4lt Staub und Schmutz fern, gleichzeitig erkennt man sofort, sobald ein Nachf\u00fcllen von neuen Pflastern notwendig ist.<\/p>\n","protected":false},"excerpt":{"rendered":"<p>SALVEQUICK, ein komplettes, leicht verwendbares Pflastersystem! Beim Cederroth Pflasterspender SALVEQUICK werden die Pflaster nach unten herausgezogen. Dadurch vermeidet man Verunreinigung der restlichen Pflaster und des Spenders durch Schmutz und Blut. Die Pflaster sind immer am richtigen Platz und jederzeit bereit zur Anwendung. Die Refill-Eins\u00e4tze sind arretiert, wodurch Schwund vermieden wird. Die transparente Klappe des Spenders [&hellip;]<\/p>\n","protected":false},"featured_media":113730,"template":"","meta":{"_acf_changed":false},"product_brand":[],"product_cat":[303],"product_tag":[],"class_list":{"0":"post-113728","1":"product","2":"type-product","3":"status-publish","4":"has-post-thumbnail","6":"product_cat-s","7":"pa_packungsgroesse-1-stueck","9":"first","10":"instock","11":"shipping-taxable","12":"purchasable","13":"product-type-simple"},"acf":[],"_links":{"self":[{"href":"https:\/\/www.hirtenberg-apotheke.at\/katalog\/wp-json\/wp\/v2\/product\/113728","targetHints":{"allow":["GET"]}}],"collection":[{"href":"https:\/\/www.hirtenberg-apotheke.at\/katalog\/wp-json\/wp\/v2\/product"}],"about":[{"href":"https:\/\/www.hirtenberg-apotheke.at\/katalog\/wp-json\/wp\/v2\/types\/product"}],"wp:featuredmedia":[{"embeddable":true,"href":"https:\/\/www.hirtenberg-apotheke.at\/katalog\/wp-json\/wp\/v2\/media\/113730"}],"wp:attachment":[{"href":"https:\/\/www.hirtenberg-apotheke.at\/katalog\/wp-json\/wp\/v2\/media?parent=113728"}],"wp:term":[{"taxonomy":"product_brand","embeddable":true,"href":"https:\/\/www.hirtenberg-apotheke.at\/katalog\/wp-json\/wp\/v2\/product_brand?post=113728"},{"taxonomy":"product_cat","embeddable":true,"href":"https:\/\/www.hirtenberg-apotheke.at\/katalog\/wp-json\/wp\/v2\/product_cat?post=113728"},{"taxonomy":"product_tag","embeddable":true,"href":"https:\/\/www.hirtenberg-apotheke.at\/katalog\/wp-json\/wp\/v2\/product_tag?post=113728"}],"curies":[{"name":"wp","href":"https:\/\/api.w.org\/{rel}","templated":true}]}}