{"id":113755,"date":"2025-12-03T14:48:35","date_gmt":"2025-12-03T13:48:35","guid":{"rendered":"https:\/\/www.hirtenberg-apotheke.at\/katalog\/produkt\/doc-natures-omega-3-6-9-leinoel-kapseln-90-stk\/"},"modified":"2025-12-03T14:49:23","modified_gmt":"2025-12-03T13:49:23","slug":"doc-natures-omega-3-6-9-leinoel-kapseln-90-stk","status":"publish","type":"product","link":"https:\/\/www.hirtenberg-apotheke.at\/katalog\/produkt\/doc-natures-omega-3-6-9-leinoel-kapseln-90-stk\/","title":{"rendered":"doc natures OMEGA 3-6-9 Lein\u00f6l-Kapseln 90 Stk."},"content":{"rendered":"<p>Jede Kapsel von doc nature\u2019s Omega 3-6-9LEIN\u00d6L-Kapseln enth\u00e4lt 500 mg reines kaltgepresstes, nur mechanisch gefiltertes Lein\u00f6l auskontrolliert biologischem Anbau.Lein\u00f6l besteht nat\u00fcrlicherweise aus bis zu 90%unges\u00e4ttigten Fetts\u00e4uren, davon kommt der gr\u00f6\u00dfteAnteil aus der essentiellen Omega-3-Fetts\u00e4ureAlpha-Linolens\u00e4ure. Die Alpha-Linolens\u00e4ure tr\u00e4gtzur Aufrechterhaltung eines normalenCholesterinspiegels bei, sofern t\u00e4glich mindestens2 Gramm eingenommen werden. Die wertvolleessentielle Omega-6-Fetts\u00e4ure Linols\u00e4ure und dieOmega-9-Fetts\u00e4ure \u00d6ls\u00e4ure sind ebenfallsnat\u00fcrlicherweise im Lein\u00f6l enthalten.<\/p>\n","protected":false},"excerpt":{"rendered":"<p>Jede Kapsel von doc nature\u2019s Omega 3-6-9LEIN\u00d6L-Kapseln enth\u00e4lt 500 mg reines kaltgepresstes, nur mechanisch gefiltertes Lein\u00f6l auskontrolliert biologischem Anbau.Lein\u00f6l besteht nat\u00fcrlicherweise aus bis zu 90%unges\u00e4ttigten Fetts\u00e4uren, davon kommt der gr\u00f6\u00dfteAnteil aus der essentiellen Omega-3-Fetts\u00e4ureAlpha-Linolens\u00e4ure. Die Alpha-Linolens\u00e4ure tr\u00e4gtzur Aufrechterhaltung eines normalenCholesterinspiegels bei, sofern t\u00e4glich mindestens2 Gramm eingenommen werden. Die wertvolleessentielle Omega-6-Fetts\u00e4ure Linols\u00e4ure und dieOmega-9-Fetts\u00e4ure \u00d6ls\u00e4ure sind [&hellip;]<\/p>\n","protected":false},"featured_media":113757,"template":"","meta":{"_acf_changed":false},"product_brand":[],"product_cat":[295],"product_tag":[],"class_list":{"0":"post-113755","1":"product","2":"type-product","3":"status-publish","4":"has-post-thumbnail","6":"product_cat-d","7":"pa_packungsgroesse-90-stueck","9":"first","10":"instock","11":"shipping-taxable","12":"purchasable","13":"product-type-simple"},"acf":[],"_links":{"self":[{"href":"https:\/\/www.hirtenberg-apotheke.at\/katalog\/wp-json\/wp\/v2\/product\/113755","targetHints":{"allow":["GET"]}}],"collection":[{"href":"https:\/\/www.hirtenberg-apotheke.at\/katalog\/wp-json\/wp\/v2\/product"}],"about":[{"href":"https:\/\/www.hirtenberg-apotheke.at\/katalog\/wp-json\/wp\/v2\/types\/product"}],"wp:featuredmedia":[{"embeddable":true,"href":"https:\/\/www.hirtenberg-apotheke.at\/katalog\/wp-json\/wp\/v2\/media\/113757"}],"wp:attachment":[{"href":"https:\/\/www.hirtenberg-apotheke.at\/katalog\/wp-json\/wp\/v2\/media?parent=113755"}],"wp:term":[{"taxonomy":"product_brand","embeddable":true,"href":"https:\/\/www.hirtenberg-apotheke.at\/katalog\/wp-json\/wp\/v2\/product_brand?post=113755"},{"taxonomy":"product_cat","embeddable":true,"href":"https:\/\/www.hirtenberg-apotheke.at\/katalog\/wp-json\/wp\/v2\/product_cat?post=113755"},{"taxonomy":"product_tag","embeddable":true,"href":"https:\/\/www.hirtenberg-apotheke.at\/katalog\/wp-json\/wp\/v2\/product_tag?post=113755"}],"curies":[{"name":"wp","href":"https:\/\/api.w.org\/{rel}","templated":true}]}}