{"id":113925,"date":"2025-12-03T14:56:28","date_gmt":"2025-12-03T13:56:28","guid":{"rendered":"https:\/\/www.hirtenberg-apotheke.at\/katalog\/produkt\/op-maske-hso-vlies-band-50-stk\/"},"modified":"2025-12-03T14:56:51","modified_gmt":"2025-12-03T13:56:51","slug":"op-maske-hso-vlies-band-50-stk","status":"publish","type":"product","link":"https:\/\/www.hirtenberg-apotheke.at\/katalog\/produkt\/op-maske-hso-vlies-band-50-stk\/","title":{"rendered":"OP-Maske Hso Vlies + Band 50 Stk."},"content":{"rendered":"<p>OP-Maske Hso bietet die richtige L\u00f6sung f\u00fcr jeden Anwendungsbereich und jeden Anwender, auch f\u00fcr Brillentr\u00e4ger. Die Maske verf\u00fcgt \u00fcber einen formbaren Nasenb\u00fcgel, der f\u00fcr einen angenehmen Tragekomfort sorgt. Ein zus\u00e4tzliches Vlies auf der Innenseite der Anti-fog-Gesichtsmaske verhindert das Beschlagen der Brillengl\u00e4ser.<\/p>\n","protected":false},"excerpt":{"rendered":"<p>OP-Maske Hso bietet die richtige L\u00f6sung f\u00fcr jeden Anwendungsbereich und jeden Anwender, auch f\u00fcr Brillentr\u00e4ger. Die Maske verf\u00fcgt \u00fcber einen formbaren Nasenb\u00fcgel, der f\u00fcr einen angenehmen Tragekomfort sorgt. Ein zus\u00e4tzliches Vlies auf der Innenseite der Anti-fog-Gesichtsmaske verhindert das Beschlagen der Brillengl\u00e4ser.<\/p>\n","protected":false},"featured_media":0,"template":"","meta":{"_acf_changed":false},"product_brand":[],"product_cat":[349],"product_tag":[],"class_list":{"0":"post-113925","1":"product","2":"type-product","3":"status-publish","5":"product_cat-o","6":"pa_packungsgroesse-50-stueck","8":"first","9":"instock","10":"shipping-taxable","11":"purchasable","12":"product-type-simple"},"acf":[],"_links":{"self":[{"href":"https:\/\/www.hirtenberg-apotheke.at\/katalog\/wp-json\/wp\/v2\/product\/113925","targetHints":{"allow":["GET"]}}],"collection":[{"href":"https:\/\/www.hirtenberg-apotheke.at\/katalog\/wp-json\/wp\/v2\/product"}],"about":[{"href":"https:\/\/www.hirtenberg-apotheke.at\/katalog\/wp-json\/wp\/v2\/types\/product"}],"wp:attachment":[{"href":"https:\/\/www.hirtenberg-apotheke.at\/katalog\/wp-json\/wp\/v2\/media?parent=113925"}],"wp:term":[{"taxonomy":"product_brand","embeddable":true,"href":"https:\/\/www.hirtenberg-apotheke.at\/katalog\/wp-json\/wp\/v2\/product_brand?post=113925"},{"taxonomy":"product_cat","embeddable":true,"href":"https:\/\/www.hirtenberg-apotheke.at\/katalog\/wp-json\/wp\/v2\/product_cat?post=113925"},{"taxonomy":"product_tag","embeddable":true,"href":"https:\/\/www.hirtenberg-apotheke.at\/katalog\/wp-json\/wp\/v2\/product_tag?post=113925"}],"curies":[{"name":"wp","href":"https:\/\/api.w.org\/{rel}","templated":true}]}}