{"id":115150,"date":"2025-12-03T18:37:41","date_gmt":"2025-12-03T17:37:41","guid":{"rendered":"https:\/\/www.hirtenberg-apotheke.at\/katalog\/produkt\/casida-vitamin-d3-tropfen-5000-i-e-50-ml\/"},"modified":"2025-12-03T18:37:52","modified_gmt":"2025-12-03T17:37:52","slug":"casida-vitamin-d3-tropfen-5000-i-e-50-ml","status":"publish","type":"product","link":"https:\/\/www.hirtenberg-apotheke.at\/katalog\/produkt\/casida-vitamin-d3-tropfen-5000-i-e-50-ml\/","title":{"rendered":"Casida Vitamin D3 Tropfen 5000 I.E. 50 ml"},"content":{"rendered":"<p>Casida Vitamin D3 Tropfen sind ein hochdosiertes Nahrungserg\u00e4nzungsmittel mit 5000 I.E. an Vitamin D3 pro Tropfen. F\u00fcr geistiges und k\u00f6rperliches Wohlbefinden sowie wichtig f\u00fcr Knochen, Z\u00e4hne, Muskeln und Immunsystem &#8211; dauerhaft preisgesenkt bestellen!<\/p>\n","protected":false},"excerpt":{"rendered":"<p>Casida Vitamin D3 Tropfen sind ein hochdosiertes Nahrungserg\u00e4nzungsmittel mit 5000 I.E. an Vitamin D3 pro Tropfen. F\u00fcr geistiges und k\u00f6rperliches Wohlbefinden sowie wichtig f\u00fcr Knochen, Z\u00e4hne, Muskeln und Immunsystem &#8211; dauerhaft preisgesenkt bestellen!<\/p>\n","protected":false},"featured_media":115152,"template":"","meta":{"_acf_changed":false},"product_brand":[],"product_cat":[337],"product_tag":[],"class_list":{"0":"post-115150","1":"product","2":"type-product","3":"status-publish","4":"has-post-thumbnail","6":"product_cat-c","7":"pa_packungsgroesse-50ml","9":"first","10":"instock","11":"shipping-taxable","12":"purchasable","13":"product-type-simple"},"acf":[],"_links":{"self":[{"href":"https:\/\/www.hirtenberg-apotheke.at\/katalog\/wp-json\/wp\/v2\/product\/115150","targetHints":{"allow":["GET"]}}],"collection":[{"href":"https:\/\/www.hirtenberg-apotheke.at\/katalog\/wp-json\/wp\/v2\/product"}],"about":[{"href":"https:\/\/www.hirtenberg-apotheke.at\/katalog\/wp-json\/wp\/v2\/types\/product"}],"wp:featuredmedia":[{"embeddable":true,"href":"https:\/\/www.hirtenberg-apotheke.at\/katalog\/wp-json\/wp\/v2\/media\/115152"}],"wp:attachment":[{"href":"https:\/\/www.hirtenberg-apotheke.at\/katalog\/wp-json\/wp\/v2\/media?parent=115150"}],"wp:term":[{"taxonomy":"product_brand","embeddable":true,"href":"https:\/\/www.hirtenberg-apotheke.at\/katalog\/wp-json\/wp\/v2\/product_brand?post=115150"},{"taxonomy":"product_cat","embeddable":true,"href":"https:\/\/www.hirtenberg-apotheke.at\/katalog\/wp-json\/wp\/v2\/product_cat?post=115150"},{"taxonomy":"product_tag","embeddable":true,"href":"https:\/\/www.hirtenberg-apotheke.at\/katalog\/wp-json\/wp\/v2\/product_tag?post=115150"}],"curies":[{"name":"wp","href":"https:\/\/api.w.org\/{rel}","templated":true}]}}