{"id":115229,"date":"2025-12-03T18:40:01","date_gmt":"2025-12-03T17:40:01","guid":{"rendered":"https:\/\/www.hirtenberg-apotheke.at\/katalog\/produkt\/burgit-fusspflegecreme-all-in-one-100-ml\/"},"modified":"2025-12-03T18:40:45","modified_gmt":"2025-12-03T17:40:45","slug":"burgit-fusspflegecreme-all-in-one-100-ml","status":"publish","type":"product","link":"https:\/\/www.hirtenberg-apotheke.at\/katalog\/produkt\/burgit-fusspflegecreme-all-in-one-100-ml\/","title":{"rendered":"Burgit Fu\u00dfpflegecreme All in one 100 ml"},"content":{"rendered":"<p>Burgit Fu\u00dfpflegecreme All in one enth\u00e4lt wertvolle Pflegestoffe wie Proivitamin B5 (Panthenol), welche f\u00fcr ein erh\u00f6htes Feuchthalteverm\u00f6gen der Haut sorgen und  ihre Elastizit\u00e4t verbessert. Ein idealer Inhaltsstoffe f\u00fcr trockene und sehr raue Haut. Menthol belebt m\u00fcde F\u00fc\u00dfe und der sanfte Deo-Komplex ohne Aluminiumsalze verhindert Fu\u00dfgeruch.!<\/p>\n","protected":false},"excerpt":{"rendered":"<p>Burgit Fu\u00dfpflegecreme All in one enth\u00e4lt wertvolle Pflegestoffe wie Proivitamin B5 (Panthenol), welche f\u00fcr ein erh\u00f6htes Feuchthalteverm\u00f6gen der Haut sorgen und ihre Elastizit\u00e4t verbessert. Ein idealer Inhaltsstoffe f\u00fcr trockene und sehr raue Haut. Menthol belebt m\u00fcde F\u00fc\u00dfe und der sanfte Deo-Komplex ohne Aluminiumsalze verhindert Fu\u00dfgeruch.!<\/p>\n","protected":false},"featured_media":115231,"template":"","meta":{"_acf_changed":false},"product_brand":[],"product_cat":[292],"product_tag":[],"class_list":{"0":"post-115229","1":"product","2":"type-product","3":"status-publish","4":"has-post-thumbnail","6":"product_cat-b","7":"pa_packungsgroesse-100ml","9":"first","10":"instock","11":"shipping-taxable","12":"purchasable","13":"product-type-simple"},"acf":[],"_links":{"self":[{"href":"https:\/\/www.hirtenberg-apotheke.at\/katalog\/wp-json\/wp\/v2\/product\/115229","targetHints":{"allow":["GET"]}}],"collection":[{"href":"https:\/\/www.hirtenberg-apotheke.at\/katalog\/wp-json\/wp\/v2\/product"}],"about":[{"href":"https:\/\/www.hirtenberg-apotheke.at\/katalog\/wp-json\/wp\/v2\/types\/product"}],"wp:featuredmedia":[{"embeddable":true,"href":"https:\/\/www.hirtenberg-apotheke.at\/katalog\/wp-json\/wp\/v2\/media\/115231"}],"wp:attachment":[{"href":"https:\/\/www.hirtenberg-apotheke.at\/katalog\/wp-json\/wp\/v2\/media?parent=115229"}],"wp:term":[{"taxonomy":"product_brand","embeddable":true,"href":"https:\/\/www.hirtenberg-apotheke.at\/katalog\/wp-json\/wp\/v2\/product_brand?post=115229"},{"taxonomy":"product_cat","embeddable":true,"href":"https:\/\/www.hirtenberg-apotheke.at\/katalog\/wp-json\/wp\/v2\/product_cat?post=115229"},{"taxonomy":"product_tag","embeddable":true,"href":"https:\/\/www.hirtenberg-apotheke.at\/katalog\/wp-json\/wp\/v2\/product_tag?post=115229"}],"curies":[{"name":"wp","href":"https:\/\/api.w.org\/{rel}","templated":true}]}}