{"id":116818,"date":"2025-12-03T21:40:09","date_gmt":"2025-12-03T20:40:09","guid":{"rendered":"https:\/\/www.hirtenberg-apotheke.at\/katalog\/produkt\/st-severin-beinwell-salbe\/"},"modified":"2025-12-03T21:40:21","modified_gmt":"2025-12-03T20:40:21","slug":"st-severin-beinwell-salbe","status":"publish","type":"product","link":"https:\/\/www.hirtenberg-apotheke.at\/katalog\/produkt\/st-severin-beinwell-salbe\/","title":{"rendered":"St. Severin Beinwell Salbe"},"content":{"rendered":"<p>Der Beinwell wird seit Jahrhunderten geerntet und aufgrund der vielf\u00e4ltigen Eigen schaften sehr gesch\u00e4tzt. Die Beinwell Salbe enth\u00e4lt eine wertvolle Kombination aus hochwertigen Inhaltsstoffen. Sie wird angewandt bei Muskel- und Gelenksbe schwerden, sowie bei Prellungen und Verstauchungen.<\/p>\n<p><\/p>\n<p><strong>Inhaltsstoffe:<\/strong><\/p>\n<p>Lanolin, Alcohol, Simmondsis Chinensis Seed Oil, Prunus Amygdalus Dulcis Oil, Aqua, Symphytum officinale root Extract<\/p>\n","protected":false},"excerpt":{"rendered":"<p>Der Beinwell wird seit Jahrhunderten geerntet und aufgrund der vielf\u00e4ltigen Eigen schaften sehr gesch\u00e4tzt. Die Beinwell Salbe enth\u00e4lt eine wertvolle Kombination aus hochwertigen Inhaltsstoffen. Sie wird angewandt bei Muskel- und Gelenksbe schwerden, sowie bei Prellungen und Verstauchungen. Inhaltsstoffe: Lanolin, Alcohol, Simmondsis Chinensis Seed Oil, Prunus Amygdalus Dulcis Oil, Aqua, Symphytum officinale root Extract<\/p>\n","protected":false},"featured_media":116820,"template":"","meta":{"_acf_changed":false},"product_brand":[411],"product_cat":[303],"product_tag":[],"class_list":{"0":"post-116818","1":"product","2":"type-product","3":"status-publish","4":"has-post-thumbnail","6":"product_brand-st-severin","7":"product_cat-s","8":"pa_packungsgroesse-90g","10":"first","11":"instock","12":"shipping-taxable","13":"purchasable","14":"product-type-simple"},"acf":[],"_links":{"self":[{"href":"https:\/\/www.hirtenberg-apotheke.at\/katalog\/wp-json\/wp\/v2\/product\/116818","targetHints":{"allow":["GET"]}}],"collection":[{"href":"https:\/\/www.hirtenberg-apotheke.at\/katalog\/wp-json\/wp\/v2\/product"}],"about":[{"href":"https:\/\/www.hirtenberg-apotheke.at\/katalog\/wp-json\/wp\/v2\/types\/product"}],"wp:featuredmedia":[{"embeddable":true,"href":"https:\/\/www.hirtenberg-apotheke.at\/katalog\/wp-json\/wp\/v2\/media\/116820"}],"wp:attachment":[{"href":"https:\/\/www.hirtenberg-apotheke.at\/katalog\/wp-json\/wp\/v2\/media?parent=116818"}],"wp:term":[{"taxonomy":"product_brand","embeddable":true,"href":"https:\/\/www.hirtenberg-apotheke.at\/katalog\/wp-json\/wp\/v2\/product_brand?post=116818"},{"taxonomy":"product_cat","embeddable":true,"href":"https:\/\/www.hirtenberg-apotheke.at\/katalog\/wp-json\/wp\/v2\/product_cat?post=116818"},{"taxonomy":"product_tag","embeddable":true,"href":"https:\/\/www.hirtenberg-apotheke.at\/katalog\/wp-json\/wp\/v2\/product_tag?post=116818"}],"curies":[{"name":"wp","href":"https:\/\/api.w.org\/{rel}","templated":true}]}}