{"id":118915,"date":"2025-12-03T22:27:50","date_gmt":"2025-12-03T21:27:50","guid":{"rendered":"https:\/\/www.hirtenberg-apotheke.at\/katalog\/produkt\/hamamelis-balsam-50-g\/"},"modified":"2025-12-03T22:27:53","modified_gmt":"2025-12-03T21:27:53","slug":"hamamelis-balsam-50-g","status":"publish","type":"product","link":"https:\/\/www.hirtenberg-apotheke.at\/katalog\/produkt\/hamamelis-balsam-50-g\/","title":{"rendered":"Hamamelis Balsam 50 g"},"content":{"rendered":"<p>Hamamelis Balsam ist ein Qualit\u00e4tsprodukt mit hochwertigen Inhaltsstoffen. Hamamelis Balsam kann \u00e4u\u00dferlich zur Pflege von oberfl\u00e4chlichen kleineren Wunden eingesetzt werden. Die reichhaltigen Salbengrundlagen versorgen die Haut zus\u00e4tzlich mit Feuchtigkeit und steigern so die Barrierefunktion<\/p>\n","protected":false},"excerpt":{"rendered":"<p>Hamamelis Balsam ist ein Qualit\u00e4tsprodukt mit hochwertigen Inhaltsstoffen. Hamamelis Balsam kann \u00e4u\u00dferlich zur Pflege von oberfl\u00e4chlichen kleineren Wunden eingesetzt werden. Die reichhaltigen Salbengrundlagen versorgen die Haut zus\u00e4tzlich mit Feuchtigkeit und steigern so die Barrierefunktion<\/p>\n","protected":false},"featured_media":0,"template":"","meta":{"_acf_changed":false},"product_brand":[411],"product_cat":[330],"product_tag":[],"class_list":{"0":"post-118915","1":"product","2":"type-product","3":"status-publish","5":"product_brand-st-severin","6":"product_cat-h","7":"pa_packungsgroesse-50g","9":"first","10":"instock","11":"shipping-taxable","12":"purchasable","13":"product-type-simple"},"acf":[],"_links":{"self":[{"href":"https:\/\/www.hirtenberg-apotheke.at\/katalog\/wp-json\/wp\/v2\/product\/118915","targetHints":{"allow":["GET"]}}],"collection":[{"href":"https:\/\/www.hirtenberg-apotheke.at\/katalog\/wp-json\/wp\/v2\/product"}],"about":[{"href":"https:\/\/www.hirtenberg-apotheke.at\/katalog\/wp-json\/wp\/v2\/types\/product"}],"wp:attachment":[{"href":"https:\/\/www.hirtenberg-apotheke.at\/katalog\/wp-json\/wp\/v2\/media?parent=118915"}],"wp:term":[{"taxonomy":"product_brand","embeddable":true,"href":"https:\/\/www.hirtenberg-apotheke.at\/katalog\/wp-json\/wp\/v2\/product_brand?post=118915"},{"taxonomy":"product_cat","embeddable":true,"href":"https:\/\/www.hirtenberg-apotheke.at\/katalog\/wp-json\/wp\/v2\/product_cat?post=118915"},{"taxonomy":"product_tag","embeddable":true,"href":"https:\/\/www.hirtenberg-apotheke.at\/katalog\/wp-json\/wp\/v2\/product_tag?post=118915"}],"curies":[{"name":"wp","href":"https:\/\/api.w.org\/{rel}","templated":true}]}}