{"id":11900,"date":"2025-11-25T14:32:15","date_gmt":"2025-11-25T13:32:15","guid":{"rendered":"https:\/\/www.hirtenberg-apotheke.at\/katalog\/produkt\/arthrobonum-kapseln-120-stk\/"},"modified":"2025-11-25T14:32:27","modified_gmt":"2025-11-25T13:32:27","slug":"arthrobonum-kapseln-120-stk","status":"publish","type":"product","link":"https:\/\/www.hirtenberg-apotheke.at\/katalog\/produkt\/arthrobonum-kapseln-120-stk\/","title":{"rendered":"Arthrobonum Kapseln 120 Stk."},"content":{"rendered":"<p>Gelenke m\u00fcssen im Laufe des Lebens h\u00f6chsten Belastungen standhalten. Oft ist die Abnutzung gr\u00f6\u00dfer als die Regenerationsf\u00e4higkeit. Arthrobonum\u00ae enth\u00e4lt wichtige knorpelaktive Stoffe* zum optimalen Aufbau der Knorpelgrundsubstanz und zur physiologischen Steuerung des Wasserhaushaltes des Knorpels.<\/p>\n","protected":false},"excerpt":{"rendered":"<p>Gelenke m\u00fcssen im Laufe des Lebens h\u00f6chsten Belastungen standhalten. Oft ist die Abnutzung gr\u00f6\u00dfer als die Regenerationsf\u00e4higkeit. Arthrobonum\u00ae enth\u00e4lt wichtige knorpelaktive Stoffe* zum optimalen Aufbau der Knorpelgrundsubstanz und zur physiologischen Steuerung des Wasserhaushaltes des Knorpels.<\/p>\n","protected":false},"featured_media":0,"template":"","meta":{"_acf_changed":false},"product_brand":[],"product_cat":[299],"product_tag":[],"class_list":{"0":"post-11900","1":"product","2":"type-product","3":"status-publish","5":"product_cat-a","6":"pa_packungsgroesse-120-stueck","8":"first","9":"instock","10":"shipping-taxable","11":"purchasable","12":"product-type-simple"},"acf":[],"_links":{"self":[{"href":"https:\/\/www.hirtenberg-apotheke.at\/katalog\/wp-json\/wp\/v2\/product\/11900","targetHints":{"allow":["GET"]}}],"collection":[{"href":"https:\/\/www.hirtenberg-apotheke.at\/katalog\/wp-json\/wp\/v2\/product"}],"about":[{"href":"https:\/\/www.hirtenberg-apotheke.at\/katalog\/wp-json\/wp\/v2\/types\/product"}],"wp:attachment":[{"href":"https:\/\/www.hirtenberg-apotheke.at\/katalog\/wp-json\/wp\/v2\/media?parent=11900"}],"wp:term":[{"taxonomy":"product_brand","embeddable":true,"href":"https:\/\/www.hirtenberg-apotheke.at\/katalog\/wp-json\/wp\/v2\/product_brand?post=11900"},{"taxonomy":"product_cat","embeddable":true,"href":"https:\/\/www.hirtenberg-apotheke.at\/katalog\/wp-json\/wp\/v2\/product_cat?post=11900"},{"taxonomy":"product_tag","embeddable":true,"href":"https:\/\/www.hirtenberg-apotheke.at\/katalog\/wp-json\/wp\/v2\/product_tag?post=11900"}],"curies":[{"name":"wp","href":"https:\/\/api.w.org\/{rel}","templated":true}]}}