{"id":119047,"date":"2025-12-03T22:31:06","date_gmt":"2025-12-03T21:31:06","guid":{"rendered":"https:\/\/www.hirtenberg-apotheke.at\/katalog\/produkt\/dr-hauschka-powder-brush-pinsel-1-stk\/"},"modified":"2025-12-03T22:31:15","modified_gmt":"2025-12-03T21:31:15","slug":"dr-hauschka-powder-brush-pinsel-1-stk","status":"publish","type":"product","link":"https:\/\/www.hirtenberg-apotheke.at\/katalog\/produkt\/dr-hauschka-powder-brush-pinsel-1-stk\/","title":{"rendered":"Dr. Hauschka Powder Brush Pinsel 1 Stk."},"content":{"rendered":"<p>Der gro\u00dfe, abgeschr\u00e4gte Dr. Hauschka Powder Brush Pinsel aus weichem Synthetikhaar gibt pudrige Produkte gleichm\u00e4\u00dfig auf die Haut ab und sorgt f\u00fcr einen nat\u00fcrlich mattierten Teint.<\/p>\n","protected":false},"excerpt":{"rendered":"<p>Der gro\u00dfe, abgeschr\u00e4gte Dr. Hauschka Powder Brush Pinsel aus weichem Synthetikhaar gibt pudrige Produkte gleichm\u00e4\u00dfig auf die Haut ab und sorgt f\u00fcr einen nat\u00fcrlich mattierten Teint.<\/p>\n","protected":false},"featured_media":0,"template":"","meta":{"_acf_changed":false},"product_brand":[728],"product_cat":[295],"product_tag":[],"class_list":{"0":"post-119047","1":"product","2":"type-product","3":"status-publish","5":"product_brand-hauschka","6":"product_cat-d","7":"pa_packungsgroesse-1-stueck","9":"first","10":"instock","11":"shipping-taxable","12":"purchasable","13":"product-type-simple"},"acf":[],"_links":{"self":[{"href":"https:\/\/www.hirtenberg-apotheke.at\/katalog\/wp-json\/wp\/v2\/product\/119047","targetHints":{"allow":["GET"]}}],"collection":[{"href":"https:\/\/www.hirtenberg-apotheke.at\/katalog\/wp-json\/wp\/v2\/product"}],"about":[{"href":"https:\/\/www.hirtenberg-apotheke.at\/katalog\/wp-json\/wp\/v2\/types\/product"}],"wp:attachment":[{"href":"https:\/\/www.hirtenberg-apotheke.at\/katalog\/wp-json\/wp\/v2\/media?parent=119047"}],"wp:term":[{"taxonomy":"product_brand","embeddable":true,"href":"https:\/\/www.hirtenberg-apotheke.at\/katalog\/wp-json\/wp\/v2\/product_brand?post=119047"},{"taxonomy":"product_cat","embeddable":true,"href":"https:\/\/www.hirtenberg-apotheke.at\/katalog\/wp-json\/wp\/v2\/product_cat?post=119047"},{"taxonomy":"product_tag","embeddable":true,"href":"https:\/\/www.hirtenberg-apotheke.at\/katalog\/wp-json\/wp\/v2\/product_tag?post=119047"}],"curies":[{"name":"wp","href":"https:\/\/api.w.org\/{rel}","templated":true}]}}