{"id":119228,"date":"2025-12-03T23:06:32","date_gmt":"2025-12-03T22:06:32","guid":{"rendered":"https:\/\/www.hirtenberg-apotheke.at\/katalog\/produkt\/hoyer-acerola-wildfrucht-lutschtabletten-60-stk\/"},"modified":"2025-12-03T23:06:33","modified_gmt":"2025-12-03T22:06:33","slug":"hoyer-acerola-wildfrucht-lutschtabletten-60-stk","status":"publish","type":"product","link":"https:\/\/www.hirtenberg-apotheke.at\/katalog\/produkt\/hoyer-acerola-wildfrucht-lutschtabletten-60-stk\/","title":{"rendered":"Hoyer Acerola + Wildfrucht Lutschtabletten 60 Stk."},"content":{"rendered":"<p>Hoyer Acerola + Wildfrucht Lutschtabletten 60 Stk. liefern durch die ideale Kombination mit den Vitamin C-reichen Wildfr\u00fcchten Hagebutte, Sanddorn und Holunder viel sch\u00fctzendes Vitamin C in spezieller Verbindung mit wichtigen nat\u00fcrlichen Begleitstoffen. Vitamin C tr\u00e4gt dar\u00fcber hinaus bei, die Zellen vor oxidativem Stress zu sch\u00fctzen und M\u00fcdigkeit und Erm\u00fcdung zu verringern. Durch ihren fruchtig-frischen Geschmack, sind sie auch sehr beliebt bei Kindern.<\/p>\n","protected":false},"excerpt":{"rendered":"<p>Hoyer Acerola + Wildfrucht Lutschtabletten 60 Stk. liefern durch die ideale Kombination mit den Vitamin C-reichen Wildfr\u00fcchten Hagebutte, Sanddorn und Holunder viel sch\u00fctzendes Vitamin C in spezieller Verbindung mit wichtigen nat\u00fcrlichen Begleitstoffen. Vitamin C tr\u00e4gt dar\u00fcber hinaus bei, die Zellen vor oxidativem Stress zu sch\u00fctzen und M\u00fcdigkeit und Erm\u00fcdung zu verringern. Durch ihren fruchtig-frischen Geschmack, [&hellip;]<\/p>\n","protected":false},"featured_media":0,"template":"","meta":{"_acf_changed":false},"product_brand":[],"product_cat":[330],"product_tag":[],"class_list":{"0":"post-119228","1":"product","2":"type-product","3":"status-publish","5":"product_cat-h","6":"pa_packungsgroesse-60-stueck","8":"first","9":"instock","10":"shipping-taxable","11":"purchasable","12":"product-type-simple"},"acf":[],"_links":{"self":[{"href":"https:\/\/www.hirtenberg-apotheke.at\/katalog\/wp-json\/wp\/v2\/product\/119228","targetHints":{"allow":["GET"]}}],"collection":[{"href":"https:\/\/www.hirtenberg-apotheke.at\/katalog\/wp-json\/wp\/v2\/product"}],"about":[{"href":"https:\/\/www.hirtenberg-apotheke.at\/katalog\/wp-json\/wp\/v2\/types\/product"}],"wp:attachment":[{"href":"https:\/\/www.hirtenberg-apotheke.at\/katalog\/wp-json\/wp\/v2\/media?parent=119228"}],"wp:term":[{"taxonomy":"product_brand","embeddable":true,"href":"https:\/\/www.hirtenberg-apotheke.at\/katalog\/wp-json\/wp\/v2\/product_brand?post=119228"},{"taxonomy":"product_cat","embeddable":true,"href":"https:\/\/www.hirtenberg-apotheke.at\/katalog\/wp-json\/wp\/v2\/product_cat?post=119228"},{"taxonomy":"product_tag","embeddable":true,"href":"https:\/\/www.hirtenberg-apotheke.at\/katalog\/wp-json\/wp\/v2\/product_tag?post=119228"}],"curies":[{"name":"wp","href":"https:\/\/api.w.org\/{rel}","templated":true}]}}