{"id":11937,"date":"2025-11-25T14:32:43","date_gmt":"2025-11-25T13:32:43","guid":{"rendered":"https:\/\/www.hirtenberg-apotheke.at\/katalog\/produkt\/lyprinol-kapseln-180-stk\/"},"modified":"2025-11-25T14:33:07","modified_gmt":"2025-11-25T13:33:07","slug":"lyprinol-kapseln-180-stk","status":"publish","type":"product","link":"https:\/\/www.hirtenberg-apotheke.at\/katalog\/produkt\/lyprinol-kapseln-180-stk\/","title":{"rendered":"Lyprinol Kapseln 180 Stk."},"content":{"rendered":"<p>Lyprinol\u00ae ist ein nat\u00fcrliches Produkt zur di\u00e4tetischen Behandlung von entz\u00fcndlich rheumatischen Gelenkbeschwerden wie Schwellungen, Schmerzen und Steifigkeit \u2013 jetzt auf Rechnung bestellen und bares Geld sparen!<\/p>\n","protected":false},"excerpt":{"rendered":"<p>Lyprinol\u00ae ist ein nat\u00fcrliches Produkt zur di\u00e4tetischen Behandlung von entz\u00fcndlich rheumatischen Gelenkbeschwerden wie Schwellungen, Schmerzen und Steifigkeit \u2013 jetzt auf Rechnung bestellen und bares Geld sparen!<\/p>\n","protected":false},"featured_media":11939,"template":"","meta":{"_acf_changed":false},"product_brand":[],"product_cat":[317],"product_tag":[],"class_list":{"0":"post-11937","1":"product","2":"type-product","3":"status-publish","4":"has-post-thumbnail","6":"product_cat-l","7":"pa_packungsgroesse-180-stueck","9":"first","10":"instock","11":"shipping-taxable","12":"purchasable","13":"product-type-simple"},"acf":[],"_links":{"self":[{"href":"https:\/\/www.hirtenberg-apotheke.at\/katalog\/wp-json\/wp\/v2\/product\/11937","targetHints":{"allow":["GET"]}}],"collection":[{"href":"https:\/\/www.hirtenberg-apotheke.at\/katalog\/wp-json\/wp\/v2\/product"}],"about":[{"href":"https:\/\/www.hirtenberg-apotheke.at\/katalog\/wp-json\/wp\/v2\/types\/product"}],"wp:featuredmedia":[{"embeddable":true,"href":"https:\/\/www.hirtenberg-apotheke.at\/katalog\/wp-json\/wp\/v2\/media\/11939"}],"wp:attachment":[{"href":"https:\/\/www.hirtenberg-apotheke.at\/katalog\/wp-json\/wp\/v2\/media?parent=11937"}],"wp:term":[{"taxonomy":"product_brand","embeddable":true,"href":"https:\/\/www.hirtenberg-apotheke.at\/katalog\/wp-json\/wp\/v2\/product_brand?post=11937"},{"taxonomy":"product_cat","embeddable":true,"href":"https:\/\/www.hirtenberg-apotheke.at\/katalog\/wp-json\/wp\/v2\/product_cat?post=11937"},{"taxonomy":"product_tag","embeddable":true,"href":"https:\/\/www.hirtenberg-apotheke.at\/katalog\/wp-json\/wp\/v2\/product_tag?post=11937"}],"curies":[{"name":"wp","href":"https:\/\/api.w.org\/{rel}","templated":true}]}}