{"id":12286,"date":"2025-11-25T14:37:44","date_gmt":"2025-11-25T13:37:44","guid":{"rendered":"https:\/\/www.hirtenberg-apotheke.at\/katalog\/produkt\/citrullin-500mg-kapseln\/"},"modified":"2025-11-25T14:37:54","modified_gmt":"2025-11-25T13:37:54","slug":"citrullin-500mg-kapseln","status":"publish","type":"product","link":"https:\/\/www.hirtenberg-apotheke.at\/katalog\/produkt\/citrullin-500mg-kapseln\/","title":{"rendered":"Citrullin 500mg Kapseln"},"content":{"rendered":"<p>Gall Pharma Citrullin 500 mg Kapseln 90 Stk. enthalten 500 mg L-Citrullin in einer Hartgelatinekapsel. Diese Aminos\u00e4ure ist wichtig f\u00fcr den Stoffwechsel der Muskeln und hilft bei k\u00f6rperlicher Kraftlosigkeit und allgemeinen Ersch\u00f6pfungszust\u00e4nden. L-Citrullin unterst\u00fctzt den K\u00f6rper bei der Entgiftung von Ammoniak und leistet demnach einen wesentlichen Beitrag zur Aufrechterhaltung der physiologischen Leberfunktion \u2013 jetzt Spitzenprodukte von Gall Pharma mit hohem Rabatt bestellen!<\/p>\n","protected":false},"excerpt":{"rendered":"<p>Gall Pharma Citrullin 500 mg Kapseln 90 Stk. enthalten 500 mg L-Citrullin in einer Hartgelatinekapsel. Diese Aminos\u00e4ure ist wichtig f\u00fcr den Stoffwechsel der Muskeln und hilft bei k\u00f6rperlicher Kraftlosigkeit und allgemeinen Ersch\u00f6pfungszust\u00e4nden. L-Citrullin unterst\u00fctzt den K\u00f6rper bei der Entgiftung von Ammoniak und leistet demnach einen wesentlichen Beitrag zur Aufrechterhaltung der physiologischen Leberfunktion \u2013 jetzt Spitzenprodukte [&hellip;]<\/p>\n","protected":false},"featured_media":12288,"template":"","meta":{"_acf_changed":false},"product_brand":[316],"product_cat":[337],"product_tag":[],"class_list":{"0":"post-12286","1":"product","2":"type-product","3":"status-publish","4":"has-post-thumbnail","6":"product_brand-gall-pharma","7":"product_cat-c","8":"pa_packungsgroesse-90-stueck","10":"first","11":"instock","12":"shipping-taxable","13":"purchasable","14":"product-type-simple"},"acf":[],"_links":{"self":[{"href":"https:\/\/www.hirtenberg-apotheke.at\/katalog\/wp-json\/wp\/v2\/product\/12286","targetHints":{"allow":["GET"]}}],"collection":[{"href":"https:\/\/www.hirtenberg-apotheke.at\/katalog\/wp-json\/wp\/v2\/product"}],"about":[{"href":"https:\/\/www.hirtenberg-apotheke.at\/katalog\/wp-json\/wp\/v2\/types\/product"}],"wp:featuredmedia":[{"embeddable":true,"href":"https:\/\/www.hirtenberg-apotheke.at\/katalog\/wp-json\/wp\/v2\/media\/12288"}],"wp:attachment":[{"href":"https:\/\/www.hirtenberg-apotheke.at\/katalog\/wp-json\/wp\/v2\/media?parent=12286"}],"wp:term":[{"taxonomy":"product_brand","embeddable":true,"href":"https:\/\/www.hirtenberg-apotheke.at\/katalog\/wp-json\/wp\/v2\/product_brand?post=12286"},{"taxonomy":"product_cat","embeddable":true,"href":"https:\/\/www.hirtenberg-apotheke.at\/katalog\/wp-json\/wp\/v2\/product_cat?post=12286"},{"taxonomy":"product_tag","embeddable":true,"href":"https:\/\/www.hirtenberg-apotheke.at\/katalog\/wp-json\/wp\/v2\/product_tag?post=12286"}],"curies":[{"name":"wp","href":"https:\/\/api.w.org\/{rel}","templated":true}]}}