{"id":12328,"date":"2025-11-25T14:38:16","date_gmt":"2025-11-25T13:38:16","guid":{"rendered":"https:\/\/www.hirtenberg-apotheke.at\/katalog\/produkt\/life-light-kapseln-inflam-effekt-90-stk\/"},"modified":"2025-11-25T14:38:25","modified_gmt":"2025-11-25T13:38:25","slug":"life-light-kapseln-inflam-effekt-90-stk","status":"publish","type":"product","link":"https:\/\/www.hirtenberg-apotheke.at\/katalog\/produkt\/life-light-kapseln-inflam-effekt-90-stk\/","title":{"rendered":"Life Light Kapseln Inflam Effekt 90 Stk."},"content":{"rendered":"<p>Life Light Kapseln Inflam Effekt enthalten einen orthomolekularen Mikron\u00e4hrstoffkomplex mit Weihrauch, Bromelain, Papain, Resveratrol und ausgew\u00e4hlten Pflanzenextrakten. Alle Inhaltsstoffe sind aufeinander abgestimmt und erg\u00e4nzen sich in ihrer wohltuenden Wirkung.<\/p>\n","protected":false},"excerpt":{"rendered":"<p>Life Light Kapseln Inflam Effekt enthalten einen orthomolekularen Mikron\u00e4hrstoffkomplex mit Weihrauch, Bromelain, Papain, Resveratrol und ausgew\u00e4hlten Pflanzenextrakten. Alle Inhaltsstoffe sind aufeinander abgestimmt und erg\u00e4nzen sich in ihrer wohltuenden Wirkung.<\/p>\n","protected":false},"featured_media":12330,"template":"","meta":{"_acf_changed":false},"product_brand":[],"product_cat":[317],"product_tag":[],"class_list":{"0":"post-12328","1":"product","2":"type-product","3":"status-publish","4":"has-post-thumbnail","6":"product_cat-l","7":"pa_packungsgroesse-90-stueck","9":"first","10":"instock","11":"shipping-taxable","12":"purchasable","13":"product-type-simple"},"acf":[],"_links":{"self":[{"href":"https:\/\/www.hirtenberg-apotheke.at\/katalog\/wp-json\/wp\/v2\/product\/12328","targetHints":{"allow":["GET"]}}],"collection":[{"href":"https:\/\/www.hirtenberg-apotheke.at\/katalog\/wp-json\/wp\/v2\/product"}],"about":[{"href":"https:\/\/www.hirtenberg-apotheke.at\/katalog\/wp-json\/wp\/v2\/types\/product"}],"wp:featuredmedia":[{"embeddable":true,"href":"https:\/\/www.hirtenberg-apotheke.at\/katalog\/wp-json\/wp\/v2\/media\/12330"}],"wp:attachment":[{"href":"https:\/\/www.hirtenberg-apotheke.at\/katalog\/wp-json\/wp\/v2\/media?parent=12328"}],"wp:term":[{"taxonomy":"product_brand","embeddable":true,"href":"https:\/\/www.hirtenberg-apotheke.at\/katalog\/wp-json\/wp\/v2\/product_brand?post=12328"},{"taxonomy":"product_cat","embeddable":true,"href":"https:\/\/www.hirtenberg-apotheke.at\/katalog\/wp-json\/wp\/v2\/product_cat?post=12328"},{"taxonomy":"product_tag","embeddable":true,"href":"https:\/\/www.hirtenberg-apotheke.at\/katalog\/wp-json\/wp\/v2\/product_tag?post=12328"}],"curies":[{"name":"wp","href":"https:\/\/api.w.org\/{rel}","templated":true}]}}