{"id":127086,"date":"2025-12-04T10:46:48","date_gmt":"2025-12-04T09:46:48","guid":{"rendered":"https:\/\/www.hirtenberg-apotheke.at\/katalog\/produkt\/strychnos-ignat-c-12-rem-glo-10-g\/"},"modified":"2025-12-04T10:47:11","modified_gmt":"2025-12-04T09:47:11","slug":"strychnos-ignat-c-12-rem-glo-10-g","status":"publish","type":"product","link":"https:\/\/www.hirtenberg-apotheke.at\/katalog\/produkt\/strychnos-ignat-c-12-rem-glo-10-g\/","title":{"rendered":"STRYCHNOS IGNAT C 12 REM GLO 10 G"},"content":{"rendered":"<p>Die Salvator Apotheke in M\u00f6dling ist Ihre Adresse f\u00fcr eine pers\u00f6nliche, ausf\u00fchrliche Beratung rund um Gesundheit und Wohlbefinden  jetzt Produkte online bestellen!<\/p>\n","protected":false},"excerpt":{"rendered":"<p>Die Salvator Apotheke in M\u00f6dling ist Ihre Adresse f\u00fcr eine pers\u00f6nliche, ausf\u00fchrliche Beratung rund um Gesundheit und Wohlbefinden jetzt Produkte online bestellen!<\/p>\n","protected":false},"featured_media":127088,"template":"","meta":{"_acf_changed":false},"product_brand":[],"product_cat":[303],"product_tag":[],"class_list":{"0":"post-127086","1":"product","2":"type-product","3":"status-publish","4":"has-post-thumbnail","6":"product_cat-s","7":"pa_packungsgroesse-10g","9":"first","10":"instock","11":"shipping-taxable","12":"purchasable","13":"product-type-simple"},"acf":[],"_links":{"self":[{"href":"https:\/\/www.hirtenberg-apotheke.at\/katalog\/wp-json\/wp\/v2\/product\/127086","targetHints":{"allow":["GET"]}}],"collection":[{"href":"https:\/\/www.hirtenberg-apotheke.at\/katalog\/wp-json\/wp\/v2\/product"}],"about":[{"href":"https:\/\/www.hirtenberg-apotheke.at\/katalog\/wp-json\/wp\/v2\/types\/product"}],"wp:featuredmedia":[{"embeddable":true,"href":"https:\/\/www.hirtenberg-apotheke.at\/katalog\/wp-json\/wp\/v2\/media\/127088"}],"wp:attachment":[{"href":"https:\/\/www.hirtenberg-apotheke.at\/katalog\/wp-json\/wp\/v2\/media?parent=127086"}],"wp:term":[{"taxonomy":"product_brand","embeddable":true,"href":"https:\/\/www.hirtenberg-apotheke.at\/katalog\/wp-json\/wp\/v2\/product_brand?post=127086"},{"taxonomy":"product_cat","embeddable":true,"href":"https:\/\/www.hirtenberg-apotheke.at\/katalog\/wp-json\/wp\/v2\/product_cat?post=127086"},{"taxonomy":"product_tag","embeddable":true,"href":"https:\/\/www.hirtenberg-apotheke.at\/katalog\/wp-json\/wp\/v2\/product_tag?post=127086"}],"curies":[{"name":"wp","href":"https:\/\/api.w.org\/{rel}","templated":true}]}}